{"id":9426,"date":"2025-10-16T14:34:59","date_gmt":"2025-10-16T12:34:59","guid":{"rendered":"https:\/\/cod.al\/?page_id=9426"},"modified":"2025-12-05T10:40:58","modified_gmt":"2025-12-05T09:40:58","slug":"vladimir-myrtezai-no-art-zone","status":"publish","type":"page","link":"https:\/\/cod.al\/?page_id=9426","title":{"rendered":"Vladimir Myrtezai &#8211; NO ART ZONE"},"content":{"rendered":"\n<figure class=\"wp-block-gallery has-nested-images columns-default is-cropped wp-block-gallery-1 is-layout-flex wp-block-gallery-is-layout-flex\">\n<figure class=\"wp-block-image size-large\"><a href=\"https:\/\/cod.al\/wp-content\/uploads\/2025\/10\/VM_POSTER_AL-scaled.jpg\"><img decoding=\"async\" data-id=\"9427\" src=\"https:\/\/cod.al\/wp-content\/uploads\/2025\/10\/VM_POSTER_AL-819x1024.jpg\" alt=\"\" class=\"wp-image-9427\"\/><\/a><\/figure>\n<\/figure>\n\n\n\n<h1 class=\"wp-block-heading has-text-align-center\">NO ART ZONE &#8211; Vladimir Myrtezai<\/h1>\n\n\n\n<h3 class=\"wp-block-heading has-text-align-center\">N\u00cb BASHK\u00cbPUNIM ME NOEL MYRTEZAI<\/h3>\n\n\n\n<p class=\"has-text-align-center\">Kurator \/ Curator: <strong>Helidon GJERGJI<\/strong><\/p>\n\n\n\n<p class=\"has-text-align-center\">Dizajner \/ Designer: <strong>Nikola SENJO<\/strong><\/p>\n\n\n\n<p class=\"has-text-align-center\"><strong>COD<\/strong> 2025<\/p>\n\n\n\n<hr class=\"wp-block-separator has-alpha-channel-opacity\"\/>\n\n\n\n<p>Ekspozita vetjake <strong>\u201cNo art zone\u201d<\/strong> e artistit <strong>Vladimir Myrtezai<\/strong> synon t\u00eb risjell\u00eb n\u00eb v\u00ebmendje nj\u00eb nga z\u00ebrat e par\u00eb m\u00eb t\u00eb ve\u00e7ant\u00eb dhe dometh\u00ebn\u00ebs t\u00eb artit bashk\u00ebkohor shqiptar. K\u00ebshK\u00ebshtu, frym\u00ebmarrja \u00ebsht\u00eb m\u00eb e lir\u00eb edhe pse m\u00eb e rrezikshmetistit, q\u00eb fillimisht sfidoi paradigm\u00ebn e artit t\u00eb \u201cRealizmit socialist\u201d si instrument ideologjik. M\u00eb tej, me ndryshimin e sistemeve, Myrtezai nuk ia lejoi vetes t\u00eb b\u00ebhej pre e narrativave shpesh her\u00eb t\u00eb ngurta t\u00eb artit bashk\u00ebkohor, q\u00eb r\u00ebndom kthehen n\u00eb nj\u00eb \u201cliri\u201d t\u00eb institucionalizuar. P\u00ebr Myrtezain, ky projekt sh\u00ebrben si nj\u00eb laborator ku arti mund t\u00eb vdes\u00eb p\u00ebr t\u2019u rilindur, nj\u00eb zon\u00eb ku publiku hyn pa garanci t\u00eb paramenduara. \u00cbsht\u00eb nj\u00eb hap\u00ebsir\u00eb q\u00eb nuk ofron komoditet, por nj\u00eb sfid\u00eb: A mundet apo si mundet t\u00eb ekzistoj\u00eb arti kur \u00e7do korniz\u00eb \u00ebsht\u00eb rr\u00ebzuar?<br>Ekspozita do t\u00eb p\u00ebrfshij\u00eb nj\u00eb konfigurim t\u00eb shum\u00ebfisht\u00eb t\u00eb praktik\u00ebs s\u00eb tij \u2013 instalacione, video dhe piktura \u2013 t\u00eb menduara si situata perceptimi, q\u00eb ftojn\u00eb vizitorin t\u00eb p\u00ebrjetoj\u00eb nj\u00eb hap\u00ebsir\u00eb ku arti nuk \u00ebsht\u00eb me \u201cA\u201d t\u00eb madhe, por artikulohet si nj\u00eb seri gjestesh provokuese, p\u00ebrmes gjuh\u00ebs s\u00eb p\u00ebrbashk\u00ebt t\u00eb mediumeve t\u00eb ndryshme, q\u00eb sfidojn\u00eb kufijt\u00eb e leximit konvencional t\u00eb artit. \u201cNo art zone\u201d \u00ebsht\u00eb shum\u00eb m\u00eb tep\u00ebr se nj\u00eb ekspozit\u00eb me vepra arti, \u00ebsht\u00eb nj\u00eb platform\u00eb \u2013 pist\u00eb ku arti \u00ebsht\u00eb her\u00eb pilot e her\u00eb pasagjer, q\u00eb n\u00eb t\u00eb dyja rastet zbret e ngjitet pa rripat e sigurimit. K\u00ebshtu, frym\u00ebmarrja \u00ebsht\u00eb m\u00eb e lir\u00eb edhe pse m\u00eb e rrezikshme.<\/p>\n\n\n\n<h2 class=\"wp-block-heading\">\u00c7elja e Ekspozit\u00ebs \/ Opening<\/h2>\n\n\n\n<figure class=\"wp-block-gallery has-nested-images columns-default is-cropped wp-block-gallery-2 is-layout-flex wp-block-gallery-is-layout-flex\">\n<figure class=\"wp-block-image size-large\"><a href=\"https:\/\/cod.al\/wp-content\/uploads\/2025\/12\/IMG_7506-scaled.jpg\"><img fetchpriority=\"high\" decoding=\"async\" width=\"1024\" height=\"683\" data-id=\"9468\" src=\"https:\/\/cod.al\/wp-content\/uploads\/2025\/12\/IMG_7506-1024x683.jpg\" alt=\"\" class=\"wp-image-9468\" srcset=\"https:\/\/cod.al\/wp-content\/uploads\/2025\/12\/IMG_7506-1024x683.jpg 1024w, https:\/\/cod.al\/wp-content\/uploads\/2025\/12\/IMG_7506-300x200.jpg 300w, https:\/\/cod.al\/wp-content\/uploads\/2025\/12\/IMG_7506-768x512.jpg 768w, https:\/\/cod.al\/wp-content\/uploads\/2025\/12\/IMG_7506-800x533.jpg 800w, https:\/\/cod.al\/wp-content\/uploads\/2025\/12\/IMG_7506-1536x1024.jpg 1536w, https:\/\/cod.al\/wp-content\/uploads\/2025\/12\/IMG_7506-2048x1365.jpg 2048w\" sizes=\"(max-width: 1024px) 100vw, 1024px\" \/><\/a><\/figure>\n\n\n\n<figure class=\"wp-block-image size-large\"><a href=\"https:\/\/cod.al\/wp-content\/uploads\/2025\/12\/IMG_7525-scaled.jpg\"><img decoding=\"async\" width=\"1024\" height=\"683\" data-id=\"9470\" src=\"https:\/\/cod.al\/wp-content\/uploads\/2025\/12\/IMG_7525-1024x683.jpg\" alt=\"\" class=\"wp-image-9470\" srcset=\"https:\/\/cod.al\/wp-content\/uploads\/2025\/12\/IMG_7525-1024x683.jpg 1024w, https:\/\/cod.al\/wp-content\/uploads\/2025\/12\/IMG_7525-300x200.jpg 300w, https:\/\/cod.al\/wp-content\/uploads\/2025\/12\/IMG_7525-768x512.jpg 768w, https:\/\/cod.al\/wp-content\/uploads\/2025\/12\/IMG_7525-800x533.jpg 800w, https:\/\/cod.al\/wp-content\/uploads\/2025\/12\/IMG_7525-1536x1024.jpg 1536w, https:\/\/cod.al\/wp-content\/uploads\/2025\/12\/IMG_7525-2048x1365.jpg 2048w\" sizes=\"(max-width: 1024px) 100vw, 1024px\" \/><\/a><\/figure>\n\n\n\n<figure class=\"wp-block-image size-large\"><a href=\"https:\/\/cod.al\/wp-content\/uploads\/2025\/12\/IMG_7544-scaled.jpg\"><img decoding=\"async\" width=\"1024\" height=\"683\" data-id=\"9467\" src=\"https:\/\/cod.al\/wp-content\/uploads\/2025\/12\/IMG_7544-1024x683.jpg\" alt=\"\" class=\"wp-image-9467\" srcset=\"https:\/\/cod.al\/wp-content\/uploads\/2025\/12\/IMG_7544-1024x683.jpg 1024w, https:\/\/cod.al\/wp-content\/uploads\/2025\/12\/IMG_7544-300x200.jpg 300w, https:\/\/cod.al\/wp-content\/uploads\/2025\/12\/IMG_7544-768x512.jpg 768w, https:\/\/cod.al\/wp-content\/uploads\/2025\/12\/IMG_7544-800x533.jpg 800w, https:\/\/cod.al\/wp-content\/uploads\/2025\/12\/IMG_7544-1536x1024.jpg 1536w, https:\/\/cod.al\/wp-content\/uploads\/2025\/12\/IMG_7544-2048x1365.jpg 2048w\" sizes=\"(max-width: 1024px) 100vw, 1024px\" \/><\/a><\/figure>\n\n\n\n<figure class=\"wp-block-image size-large\"><a href=\"https:\/\/cod.al\/wp-content\/uploads\/2025\/12\/IMG_7558-scaled.jpg\"><img loading=\"lazy\" decoding=\"async\" width=\"1024\" height=\"683\" data-id=\"9465\" src=\"https:\/\/cod.al\/wp-content\/uploads\/2025\/12\/IMG_7558-1024x683.jpg\" alt=\"\" class=\"wp-image-9465\" srcset=\"https:\/\/cod.al\/wp-content\/uploads\/2025\/12\/IMG_7558-1024x683.jpg 1024w, https:\/\/cod.al\/wp-content\/uploads\/2025\/12\/IMG_7558-300x200.jpg 300w, https:\/\/cod.al\/wp-content\/uploads\/2025\/12\/IMG_7558-768x512.jpg 768w, https:\/\/cod.al\/wp-content\/uploads\/2025\/12\/IMG_7558-800x533.jpg 800w, https:\/\/cod.al\/wp-content\/uploads\/2025\/12\/IMG_7558-1536x1024.jpg 1536w, https:\/\/cod.al\/wp-content\/uploads\/2025\/12\/IMG_7558-2048x1365.jpg 2048w\" sizes=\"(max-width: 1024px) 100vw, 1024px\" \/><\/a><\/figure>\n\n\n\n<figure class=\"wp-block-image size-large\"><a href=\"https:\/\/cod.al\/wp-content\/uploads\/2025\/12\/IMG_7598-scaled.jpg\"><img loading=\"lazy\" decoding=\"async\" width=\"1024\" height=\"683\" data-id=\"9466\" src=\"https:\/\/cod.al\/wp-content\/uploads\/2025\/12\/IMG_7598-1024x683.jpg\" alt=\"\" class=\"wp-image-9466\" srcset=\"https:\/\/cod.al\/wp-content\/uploads\/2025\/12\/IMG_7598-1024x683.jpg 1024w, https:\/\/cod.al\/wp-content\/uploads\/2025\/12\/IMG_7598-300x200.jpg 300w, https:\/\/cod.al\/wp-content\/uploads\/2025\/12\/IMG_7598-768x512.jpg 768w, https:\/\/cod.al\/wp-content\/uploads\/2025\/12\/IMG_7598-800x533.jpg 800w, https:\/\/cod.al\/wp-content\/uploads\/2025\/12\/IMG_7598-1536x1024.jpg 1536w, https:\/\/cod.al\/wp-content\/uploads\/2025\/12\/IMG_7598-2048x1365.jpg 2048w\" sizes=\"(max-width: 1024px) 100vw, 1024px\" \/><\/a><\/figure>\n\n\n\n<figure class=\"wp-block-image size-large\"><a href=\"https:\/\/cod.al\/wp-content\/uploads\/2025\/12\/IMG_7603-scaled.jpg\"><img loading=\"lazy\" decoding=\"async\" width=\"1024\" height=\"683\" data-id=\"9469\" src=\"https:\/\/cod.al\/wp-content\/uploads\/2025\/12\/IMG_7603-1024x683.jpg\" alt=\"\" class=\"wp-image-9469\" srcset=\"https:\/\/cod.al\/wp-content\/uploads\/2025\/12\/IMG_7603-1024x683.jpg 1024w, https:\/\/cod.al\/wp-content\/uploads\/2025\/12\/IMG_7603-300x200.jpg 300w, https:\/\/cod.al\/wp-content\/uploads\/2025\/12\/IMG_7603-768x512.jpg 768w, https:\/\/cod.al\/wp-content\/uploads\/2025\/12\/IMG_7603-800x533.jpg 800w, https:\/\/cod.al\/wp-content\/uploads\/2025\/12\/IMG_7603-1536x1024.jpg 1536w, https:\/\/cod.al\/wp-content\/uploads\/2025\/12\/IMG_7603-2048x1365.jpg 2048w\" sizes=\"(max-width: 1024px) 100vw, 1024px\" \/><\/a><\/figure>\n\n\n\n<figure class=\"wp-block-image size-large\"><a href=\"https:\/\/cod.al\/wp-content\/uploads\/2025\/12\/IMG_7623-scaled.jpg\"><img loading=\"lazy\" decoding=\"async\" width=\"1024\" height=\"683\" data-id=\"9471\" src=\"https:\/\/cod.al\/wp-content\/uploads\/2025\/12\/IMG_7623-1024x683.jpg\" alt=\"\" class=\"wp-image-9471\" srcset=\"https:\/\/cod.al\/wp-content\/uploads\/2025\/12\/IMG_7623-1024x683.jpg 1024w, https:\/\/cod.al\/wp-content\/uploads\/2025\/12\/IMG_7623-300x200.jpg 300w, https:\/\/cod.al\/wp-content\/uploads\/2025\/12\/IMG_7623-768x512.jpg 768w, https:\/\/cod.al\/wp-content\/uploads\/2025\/12\/IMG_7623-800x533.jpg 800w, https:\/\/cod.al\/wp-content\/uploads\/2025\/12\/IMG_7623-1536x1024.jpg 1536w, https:\/\/cod.al\/wp-content\/uploads\/2025\/12\/IMG_7623-2048x1365.jpg 2048w\" sizes=\"(max-width: 1024px) 100vw, 1024px\" \/><\/a><\/figure>\n\n\n\n<figure class=\"wp-block-image size-large\"><a href=\"https:\/\/cod.al\/wp-content\/uploads\/2025\/12\/IMG-20251015-WA0071-scaled.jpg\"><img loading=\"lazy\" decoding=\"async\" width=\"1024\" height=\"683\" data-id=\"9472\" src=\"https:\/\/cod.al\/wp-content\/uploads\/2025\/12\/IMG-20251015-WA0071-1024x683.jpg\" alt=\"\" class=\"wp-image-9472\" srcset=\"https:\/\/cod.al\/wp-content\/uploads\/2025\/12\/IMG-20251015-WA0071-1024x683.jpg 1024w, https:\/\/cod.al\/wp-content\/uploads\/2025\/12\/IMG-20251015-WA0071-300x200.jpg 300w, https:\/\/cod.al\/wp-content\/uploads\/2025\/12\/IMG-20251015-WA0071-768x512.jpg 768w, https:\/\/cod.al\/wp-content\/uploads\/2025\/12\/IMG-20251015-WA0071-800x534.jpg 800w, https:\/\/cod.al\/wp-content\/uploads\/2025\/12\/IMG-20251015-WA0071-1536x1025.jpg 1536w, https:\/\/cod.al\/wp-content\/uploads\/2025\/12\/IMG-20251015-WA0071-2048x1366.jpg 2048w\" sizes=\"(max-width: 1024px) 100vw, 1024px\" \/><\/a><\/figure>\n\n\n\n<figure class=\"wp-block-image size-large\"><a href=\"https:\/\/cod.al\/wp-content\/uploads\/2025\/12\/IMG-20251015-WA0101-scaled.jpg\"><img loading=\"lazy\" decoding=\"async\" width=\"1024\" height=\"683\" data-id=\"9476\" src=\"https:\/\/cod.al\/wp-content\/uploads\/2025\/12\/IMG-20251015-WA0101-1024x683.jpg\" alt=\"\" class=\"wp-image-9476\" srcset=\"https:\/\/cod.al\/wp-content\/uploads\/2025\/12\/IMG-20251015-WA0101-1024x683.jpg 1024w, https:\/\/cod.al\/wp-content\/uploads\/2025\/12\/IMG-20251015-WA0101-300x200.jpg 300w, https:\/\/cod.al\/wp-content\/uploads\/2025\/12\/IMG-20251015-WA0101-768x512.jpg 768w, https:\/\/cod.al\/wp-content\/uploads\/2025\/12\/IMG-20251015-WA0101-800x534.jpg 800w, https:\/\/cod.al\/wp-content\/uploads\/2025\/12\/IMG-20251015-WA0101-1536x1025.jpg 1536w, https:\/\/cod.al\/wp-content\/uploads\/2025\/12\/IMG-20251015-WA0101-2048x1366.jpg 2048w\" sizes=\"(max-width: 1024px) 100vw, 1024px\" \/><\/a><\/figure>\n\n\n\n<figure class=\"wp-block-image size-large\"><a href=\"https:\/\/cod.al\/wp-content\/uploads\/2025\/12\/rregulluar-scaled.jpg\"><img loading=\"lazy\" decoding=\"async\" width=\"1024\" height=\"729\" data-id=\"9477\" src=\"https:\/\/cod.al\/wp-content\/uploads\/2025\/12\/rregulluar-1024x729.jpg\" alt=\"\" class=\"wp-image-9477\" srcset=\"https:\/\/cod.al\/wp-content\/uploads\/2025\/12\/rregulluar-1024x729.jpg 1024w, https:\/\/cod.al\/wp-content\/uploads\/2025\/12\/rregulluar-300x214.jpg 300w, https:\/\/cod.al\/wp-content\/uploads\/2025\/12\/rregulluar-768x547.jpg 768w, https:\/\/cod.al\/wp-content\/uploads\/2025\/12\/rregulluar-800x570.jpg 800w, https:\/\/cod.al\/wp-content\/uploads\/2025\/12\/rregulluar-1536x1094.jpg 1536w, https:\/\/cod.al\/wp-content\/uploads\/2025\/12\/rregulluar-2048x1459.jpg 2048w\" sizes=\"(max-width: 1024px) 100vw, 1024px\" \/><\/a><\/figure>\n\n\n\n<figure class=\"wp-block-image size-large\"><a href=\"https:\/\/cod.al\/wp-content\/uploads\/2025\/12\/IMG-20251015-WA0100-scaled.jpg\"><img loading=\"lazy\" decoding=\"async\" width=\"1024\" height=\"683\" data-id=\"9475\" src=\"https:\/\/cod.al\/wp-content\/uploads\/2025\/12\/IMG-20251015-WA0100-1024x683.jpg\" alt=\"\" class=\"wp-image-9475\" srcset=\"https:\/\/cod.al\/wp-content\/uploads\/2025\/12\/IMG-20251015-WA0100-1024x683.jpg 1024w, https:\/\/cod.al\/wp-content\/uploads\/2025\/12\/IMG-20251015-WA0100-300x200.jpg 300w, https:\/\/cod.al\/wp-content\/uploads\/2025\/12\/IMG-20251015-WA0100-768x512.jpg 768w, https:\/\/cod.al\/wp-content\/uploads\/2025\/12\/IMG-20251015-WA0100-800x534.jpg 800w, https:\/\/cod.al\/wp-content\/uploads\/2025\/12\/IMG-20251015-WA0100-1536x1025.jpg 1536w, https:\/\/cod.al\/wp-content\/uploads\/2025\/12\/IMG-20251015-WA0100-2048x1366.jpg 2048w\" sizes=\"(max-width: 1024px) 100vw, 1024px\" \/><\/a><\/figure>\n\n\n\n<figure class=\"wp-block-image size-large\"><a href=\"https:\/\/cod.al\/wp-content\/uploads\/2025\/12\/IMG-20251015-WA0092-scaled.jpg\"><img loading=\"lazy\" decoding=\"async\" width=\"1024\" height=\"683\" data-id=\"9473\" src=\"https:\/\/cod.al\/wp-content\/uploads\/2025\/12\/IMG-20251015-WA0092-1024x683.jpg\" alt=\"\" class=\"wp-image-9473\" srcset=\"https:\/\/cod.al\/wp-content\/uploads\/2025\/12\/IMG-20251015-WA0092-1024x683.jpg 1024w, https:\/\/cod.al\/wp-content\/uploads\/2025\/12\/IMG-20251015-WA0092-300x200.jpg 300w, https:\/\/cod.al\/wp-content\/uploads\/2025\/12\/IMG-20251015-WA0092-768x512.jpg 768w, https:\/\/cod.al\/wp-content\/uploads\/2025\/12\/IMG-20251015-WA0092-800x534.jpg 800w, https:\/\/cod.al\/wp-content\/uploads\/2025\/12\/IMG-20251015-WA0092-1536x1025.jpg 1536w, https:\/\/cod.al\/wp-content\/uploads\/2025\/12\/IMG-20251015-WA0092-2048x1366.jpg 2048w\" sizes=\"(max-width: 1024px) 100vw, 1024px\" \/><\/a><\/figure>\n\n\n\n<figure class=\"wp-block-image size-large\"><a href=\"https:\/\/cod.al\/wp-content\/uploads\/2025\/12\/IMG-20251015-WA0075-scaled.jpg\"><img loading=\"lazy\" decoding=\"async\" width=\"1024\" height=\"683\" data-id=\"9474\" src=\"https:\/\/cod.al\/wp-content\/uploads\/2025\/12\/IMG-20251015-WA0075-1024x683.jpg\" alt=\"\" class=\"wp-image-9474\" srcset=\"https:\/\/cod.al\/wp-content\/uploads\/2025\/12\/IMG-20251015-WA0075-1024x683.jpg 1024w, https:\/\/cod.al\/wp-content\/uploads\/2025\/12\/IMG-20251015-WA0075-300x200.jpg 300w, https:\/\/cod.al\/wp-content\/uploads\/2025\/12\/IMG-20251015-WA0075-768x512.jpg 768w, https:\/\/cod.al\/wp-content\/uploads\/2025\/12\/IMG-20251015-WA0075-800x534.jpg 800w, https:\/\/cod.al\/wp-content\/uploads\/2025\/12\/IMG-20251015-WA0075-1536x1025.jpg 1536w, https:\/\/cod.al\/wp-content\/uploads\/2025\/12\/IMG-20251015-WA0075-2048x1366.jpg 2048w\" sizes=\"(max-width: 1024px) 100vw, 1024px\" \/><\/a><\/figure>\n<\/figure>\n\n\n\n<h2 class=\"wp-block-heading\">Expo View<\/h2>\n\n\n\n<figure class=\"wp-block-gallery has-nested-images columns-default is-cropped wp-block-gallery-3 is-layout-flex wp-block-gallery-is-layout-flex\">\n<figure class=\"wp-block-image size-large\"><a href=\"https:\/\/cod.al\/wp-content\/uploads\/2025\/12\/1N8A0835-scaled.jpg\"><img loading=\"lazy\" decoding=\"async\" width=\"1024\" height=\"683\" data-id=\"9478\" src=\"https:\/\/cod.al\/wp-content\/uploads\/2025\/12\/1N8A0835-1024x683.jpg\" alt=\"\" class=\"wp-image-9478\" srcset=\"https:\/\/cod.al\/wp-content\/uploads\/2025\/12\/1N8A0835-1024x683.jpg 1024w, https:\/\/cod.al\/wp-content\/uploads\/2025\/12\/1N8A0835-300x200.jpg 300w, https:\/\/cod.al\/wp-content\/uploads\/2025\/12\/1N8A0835-768x512.jpg 768w, https:\/\/cod.al\/wp-content\/uploads\/2025\/12\/1N8A0835-800x533.jpg 800w, https:\/\/cod.al\/wp-content\/uploads\/2025\/12\/1N8A0835-1536x1024.jpg 1536w, https:\/\/cod.al\/wp-content\/uploads\/2025\/12\/1N8A0835-2048x1365.jpg 2048w\" sizes=\"(max-width: 1024px) 100vw, 1024px\" \/><\/a><\/figure>\n\n\n\n<figure class=\"wp-block-image size-large\"><a href=\"https:\/\/cod.al\/wp-content\/uploads\/2025\/12\/1N8A0848-scaled.jpg\"><img loading=\"lazy\" decoding=\"async\" width=\"683\" height=\"1024\" data-id=\"9479\" src=\"https:\/\/cod.al\/wp-content\/uploads\/2025\/12\/1N8A0848-683x1024.jpg\" alt=\"\" class=\"wp-image-9479\" srcset=\"https:\/\/cod.al\/wp-content\/uploads\/2025\/12\/1N8A0848-683x1024.jpg 683w, https:\/\/cod.al\/wp-content\/uploads\/2025\/12\/1N8A0848-200x300.jpg 200w, https:\/\/cod.al\/wp-content\/uploads\/2025\/12\/1N8A0848-768x1152.jpg 768w, https:\/\/cod.al\/wp-content\/uploads\/2025\/12\/1N8A0848-400x600.jpg 400w, https:\/\/cod.al\/wp-content\/uploads\/2025\/12\/1N8A0848-1024x1536.jpg 1024w, https:\/\/cod.al\/wp-content\/uploads\/2025\/12\/1N8A0848-1365x2048.jpg 1365w, https:\/\/cod.al\/wp-content\/uploads\/2025\/12\/1N8A0848-scaled.jpg 1707w\" sizes=\"(max-width: 683px) 100vw, 683px\" \/><\/a><\/figure>\n\n\n\n<figure class=\"wp-block-image size-large\"><a href=\"https:\/\/cod.al\/wp-content\/uploads\/2025\/12\/1N8A0878-scaled.jpg\"><img loading=\"lazy\" decoding=\"async\" width=\"1024\" height=\"683\" data-id=\"9480\" src=\"https:\/\/cod.al\/wp-content\/uploads\/2025\/12\/1N8A0878-1024x683.jpg\" alt=\"\" class=\"wp-image-9480\" srcset=\"https:\/\/cod.al\/wp-content\/uploads\/2025\/12\/1N8A0878-1024x683.jpg 1024w, https:\/\/cod.al\/wp-content\/uploads\/2025\/12\/1N8A0878-300x200.jpg 300w, https:\/\/cod.al\/wp-content\/uploads\/2025\/12\/1N8A0878-768x512.jpg 768w, https:\/\/cod.al\/wp-content\/uploads\/2025\/12\/1N8A0878-800x533.jpg 800w, https:\/\/cod.al\/wp-content\/uploads\/2025\/12\/1N8A0878-1536x1024.jpg 1536w, https:\/\/cod.al\/wp-content\/uploads\/2025\/12\/1N8A0878-2048x1365.jpg 2048w\" sizes=\"(max-width: 1024px) 100vw, 1024px\" \/><\/a><\/figure>\n\n\n\n<figure class=\"wp-block-image size-large\"><a href=\"https:\/\/cod.al\/wp-content\/uploads\/2025\/12\/1N8A1001-scaled.jpg\"><img loading=\"lazy\" decoding=\"async\" width=\"683\" height=\"1024\" data-id=\"9481\" src=\"https:\/\/cod.al\/wp-content\/uploads\/2025\/12\/1N8A1001-683x1024.jpg\" alt=\"\" class=\"wp-image-9481\" srcset=\"https:\/\/cod.al\/wp-content\/uploads\/2025\/12\/1N8A1001-683x1024.jpg 683w, https:\/\/cod.al\/wp-content\/uploads\/2025\/12\/1N8A1001-200x300.jpg 200w, https:\/\/cod.al\/wp-content\/uploads\/2025\/12\/1N8A1001-768x1152.jpg 768w, https:\/\/cod.al\/wp-content\/uploads\/2025\/12\/1N8A1001-400x600.jpg 400w, https:\/\/cod.al\/wp-content\/uploads\/2025\/12\/1N8A1001-1024x1536.jpg 1024w, https:\/\/cod.al\/wp-content\/uploads\/2025\/12\/1N8A1001-1365x2048.jpg 1365w, https:\/\/cod.al\/wp-content\/uploads\/2025\/12\/1N8A1001-scaled.jpg 1707w\" sizes=\"(max-width: 683px) 100vw, 683px\" \/><\/a><\/figure>\n\n\n\n<figure class=\"wp-block-image size-large\"><a href=\"https:\/\/cod.al\/wp-content\/uploads\/2025\/12\/1N8A1011-scaled.jpg\"><img loading=\"lazy\" decoding=\"async\" width=\"1024\" height=\"683\" data-id=\"9482\" src=\"https:\/\/cod.al\/wp-content\/uploads\/2025\/12\/1N8A1011-1024x683.jpg\" alt=\"\" class=\"wp-image-9482\" srcset=\"https:\/\/cod.al\/wp-content\/uploads\/2025\/12\/1N8A1011-1024x683.jpg 1024w, https:\/\/cod.al\/wp-content\/uploads\/2025\/12\/1N8A1011-300x200.jpg 300w, https:\/\/cod.al\/wp-content\/uploads\/2025\/12\/1N8A1011-768x512.jpg 768w, https:\/\/cod.al\/wp-content\/uploads\/2025\/12\/1N8A1011-800x533.jpg 800w, https:\/\/cod.al\/wp-content\/uploads\/2025\/12\/1N8A1011-1536x1024.jpg 1536w, https:\/\/cod.al\/wp-content\/uploads\/2025\/12\/1N8A1011-2048x1365.jpg 2048w\" sizes=\"(max-width: 1024px) 100vw, 1024px\" \/><\/a><\/figure>\n\n\n\n<figure class=\"wp-block-image size-large\"><a href=\"https:\/\/cod.al\/wp-content\/uploads\/2025\/12\/1N8A1024-scaled.jpg\"><img loading=\"lazy\" decoding=\"async\" width=\"683\" height=\"1024\" data-id=\"9483\" src=\"https:\/\/cod.al\/wp-content\/uploads\/2025\/12\/1N8A1024-683x1024.jpg\" alt=\"\" class=\"wp-image-9483\" srcset=\"https:\/\/cod.al\/wp-content\/uploads\/2025\/12\/1N8A1024-683x1024.jpg 683w, https:\/\/cod.al\/wp-content\/uploads\/2025\/12\/1N8A1024-200x300.jpg 200w, https:\/\/cod.al\/wp-content\/uploads\/2025\/12\/1N8A1024-768x1152.jpg 768w, https:\/\/cod.al\/wp-content\/uploads\/2025\/12\/1N8A1024-400x600.jpg 400w, https:\/\/cod.al\/wp-content\/uploads\/2025\/12\/1N8A1024-1024x1536.jpg 1024w, https:\/\/cod.al\/wp-content\/uploads\/2025\/12\/1N8A1024-1365x2048.jpg 1365w, https:\/\/cod.al\/wp-content\/uploads\/2025\/12\/1N8A1024-scaled.jpg 1707w\" sizes=\"(max-width: 683px) 100vw, 683px\" \/><\/a><\/figure>\n\n\n\n<figure class=\"wp-block-image size-large\"><a href=\"https:\/\/cod.al\/wp-content\/uploads\/2025\/12\/1N8A1035-scaled.jpg\"><img loading=\"lazy\" decoding=\"async\" width=\"683\" height=\"1024\" data-id=\"9484\" src=\"https:\/\/cod.al\/wp-content\/uploads\/2025\/12\/1N8A1035-683x1024.jpg\" alt=\"\" class=\"wp-image-9484\" srcset=\"https:\/\/cod.al\/wp-content\/uploads\/2025\/12\/1N8A1035-683x1024.jpg 683w, https:\/\/cod.al\/wp-content\/uploads\/2025\/12\/1N8A1035-200x300.jpg 200w, https:\/\/cod.al\/wp-content\/uploads\/2025\/12\/1N8A1035-768x1152.jpg 768w, https:\/\/cod.al\/wp-content\/uploads\/2025\/12\/1N8A1035-400x600.jpg 400w, https:\/\/cod.al\/wp-content\/uploads\/2025\/12\/1N8A1035-1024x1536.jpg 1024w, https:\/\/cod.al\/wp-content\/uploads\/2025\/12\/1N8A1035-1365x2048.jpg 1365w, https:\/\/cod.al\/wp-content\/uploads\/2025\/12\/1N8A1035-scaled.jpg 1707w\" sizes=\"(max-width: 683px) 100vw, 683px\" \/><\/a><\/figure>\n\n\n\n<figure class=\"wp-block-image size-large\"><a href=\"https:\/\/cod.al\/wp-content\/uploads\/2025\/12\/1N8A1090-scaled.jpg\"><img loading=\"lazy\" decoding=\"async\" width=\"1024\" height=\"683\" data-id=\"9485\" src=\"https:\/\/cod.al\/wp-content\/uploads\/2025\/12\/1N8A1090-1024x683.jpg\" alt=\"\" class=\"wp-image-9485\" srcset=\"https:\/\/cod.al\/wp-content\/uploads\/2025\/12\/1N8A1090-1024x683.jpg 1024w, https:\/\/cod.al\/wp-content\/uploads\/2025\/12\/1N8A1090-300x200.jpg 300w, https:\/\/cod.al\/wp-content\/uploads\/2025\/12\/1N8A1090-768x512.jpg 768w, https:\/\/cod.al\/wp-content\/uploads\/2025\/12\/1N8A1090-800x533.jpg 800w, https:\/\/cod.al\/wp-content\/uploads\/2025\/12\/1N8A1090-1536x1024.jpg 1536w, https:\/\/cod.al\/wp-content\/uploads\/2025\/12\/1N8A1090-2048x1365.jpg 2048w\" sizes=\"(max-width: 1024px) 100vw, 1024px\" \/><\/a><\/figure>\n\n\n\n<figure class=\"wp-block-image size-large\"><a href=\"https:\/\/cod.al\/wp-content\/uploads\/2025\/12\/1N8A1152-scaled.jpg\"><img loading=\"lazy\" decoding=\"async\" width=\"1024\" height=\"683\" data-id=\"9486\" src=\"https:\/\/cod.al\/wp-content\/uploads\/2025\/12\/1N8A1152-1024x683.jpg\" alt=\"\" class=\"wp-image-9486\" srcset=\"https:\/\/cod.al\/wp-content\/uploads\/2025\/12\/1N8A1152-1024x683.jpg 1024w, https:\/\/cod.al\/wp-content\/uploads\/2025\/12\/1N8A1152-300x200.jpg 300w, https:\/\/cod.al\/wp-content\/uploads\/2025\/12\/1N8A1152-768x512.jpg 768w, https:\/\/cod.al\/wp-content\/uploads\/2025\/12\/1N8A1152-800x533.jpg 800w, https:\/\/cod.al\/wp-content\/uploads\/2025\/12\/1N8A1152-1536x1024.jpg 1536w, https:\/\/cod.al\/wp-content\/uploads\/2025\/12\/1N8A1152-2048x1365.jpg 2048w\" sizes=\"(max-width: 1024px) 100vw, 1024px\" \/><\/a><\/figure>\n\n\n\n<figure class=\"wp-block-image size-large\"><a href=\"https:\/\/cod.al\/wp-content\/uploads\/2025\/12\/1N8A1162-scaled.jpg\"><img loading=\"lazy\" decoding=\"async\" width=\"1024\" height=\"683\" data-id=\"9487\" src=\"https:\/\/cod.al\/wp-content\/uploads\/2025\/12\/1N8A1162-1024x683.jpg\" alt=\"\" class=\"wp-image-9487\" srcset=\"https:\/\/cod.al\/wp-content\/uploads\/2025\/12\/1N8A1162-1024x683.jpg 1024w, https:\/\/cod.al\/wp-content\/uploads\/2025\/12\/1N8A1162-300x200.jpg 300w, https:\/\/cod.al\/wp-content\/uploads\/2025\/12\/1N8A1162-768x512.jpg 768w, https:\/\/cod.al\/wp-content\/uploads\/2025\/12\/1N8A1162-800x533.jpg 800w, https:\/\/cod.al\/wp-content\/uploads\/2025\/12\/1N8A1162-1536x1024.jpg 1536w, https:\/\/cod.al\/wp-content\/uploads\/2025\/12\/1N8A1162-2048x1365.jpg 2048w\" sizes=\"(max-width: 1024px) 100vw, 1024px\" \/><\/a><\/figure>\n\n\n\n<figure class=\"wp-block-image size-large\"><a href=\"https:\/\/cod.al\/wp-content\/uploads\/2025\/12\/1N8A1264-scaled.jpg\"><img loading=\"lazy\" decoding=\"async\" width=\"1024\" height=\"683\" data-id=\"9488\" src=\"https:\/\/cod.al\/wp-content\/uploads\/2025\/12\/1N8A1264-1024x683.jpg\" alt=\"\" class=\"wp-image-9488\" srcset=\"https:\/\/cod.al\/wp-content\/uploads\/2025\/12\/1N8A1264-1024x683.jpg 1024w, https:\/\/cod.al\/wp-content\/uploads\/2025\/12\/1N8A1264-300x200.jpg 300w, https:\/\/cod.al\/wp-content\/uploads\/2025\/12\/1N8A1264-768x512.jpg 768w, https:\/\/cod.al\/wp-content\/uploads\/2025\/12\/1N8A1264-800x533.jpg 800w, https:\/\/cod.al\/wp-content\/uploads\/2025\/12\/1N8A1264-1536x1024.jpg 1536w, https:\/\/cod.al\/wp-content\/uploads\/2025\/12\/1N8A1264-2048x1365.jpg 2048w\" sizes=\"(max-width: 1024px) 100vw, 1024px\" \/><\/a><\/figure>\n<\/figure>\n","protected":false},"excerpt":{"rendered":"<p>NO ART ZONE &#8211; Vladimir Myrtezai N\u00cb BASHK\u00cbPUNIM ME NOEL MYRTEZAI Kurator \/ Curator: Helidon GJERGJI Dizajner \/ Designer: Nikola SENJO COD 2025 Ekspozita vetjake \u201cNo art zone\u201d e artistit Vladimir Myrtezai synon t\u00eb risjell\u00eb n\u00eb v\u00ebmendje nj\u00eb nga z\u00ebrat<\/p>\n","protected":false},"author":5,"featured_media":0,"parent":0,"menu_order":0,"comment_status":"closed","ping_status":"closed","template":"","meta":{"footnotes":""},"class_list":["post-9426","page","type-page","status-publish","hentry"],"_links":{"self":[{"href":"https:\/\/cod.al\/index.php?rest_route=\/wp\/v2\/pages\/9426","targetHints":{"allow":["GET"]}}],"collection":[{"href":"https:\/\/cod.al\/index.php?rest_route=\/wp\/v2\/pages"}],"about":[{"href":"https:\/\/cod.al\/index.php?rest_route=\/wp\/v2\/types\/page"}],"author":[{"embeddable":true,"href":"https:\/\/cod.al\/index.php?rest_route=\/wp\/v2\/users\/5"}],"replies":[{"embeddable":true,"href":"https:\/\/cod.al\/index.php?rest_route=%2Fwp%2Fv2%2Fcomments&post=9426"}],"version-history":[{"count":3,"href":"https:\/\/cod.al\/index.php?rest_route=\/wp\/v2\/pages\/9426\/revisions"}],"predecessor-version":[{"id":9490,"href":"https:\/\/cod.al\/index.php?rest_route=\/wp\/v2\/pages\/9426\/revisions\/9490"}],"wp:attachment":[{"href":"https:\/\/cod.al\/index.php?rest_route=%2Fwp%2Fv2%2Fmedia&parent=9426"}],"curies":[{"name":"wp","href":"https:\/\/api.w.org\/{rel}","templated":true}]}}