{"id":7078,"date":"2024-03-11T14:51:57","date_gmt":"2024-03-11T13:51:57","guid":{"rendered":"https:\/\/cod.al\/?page_id=7078"},"modified":"2024-03-13T10:14:32","modified_gmt":"2024-03-13T09:14:32","slug":"p7078","status":"publish","type":"page","link":"https:\/\/cod.al\/?page_id=7078","title":{"rendered":"Rexhep Selimi"},"content":{"rendered":"<p>[vc_row][vc_column][vc_text_separator title=&#8221;Ekspozit\u00eb&#8221; title_align=&#8221;separator_align_left&#8221;][vc_single_image image=&#8221;7081&#8243; img_size=&#8221;large&#8221;][vc_column_text]<\/p>\n<p style=\"text-align: left;\"><strong>\u201cN\u00eb em\u00ebr t\u00eb liris\u00eb\u201d<\/strong><\/p>\n<p>\u00ebsht\u00eb nj\u00eb ekspozit\u00eb pikture e cila p\u00ebrmban 157 punime artistike t\u00eb artistit autodidakt <em><strong>z. Rexhep Selimi<\/strong><\/em>. I ndodhur n\u00eb kushte jo t\u00eb zakonshme, br\u00ebnda qelis\u00eb s\u00eb tij n\u00eb Hag\u00eb, ai shfaq nj\u00eb talent t\u00eb fshehur duke hedhur fillimisht n\u00eb letra, m\u00eb pas n\u00eb kartona dhe telajo p\u00ebrjetimet e tij mbyllur n\u00eb dhom\u00ebn e ftoht\u00eb t\u00eb burgut t\u00eb siguris\u00eb s\u00eb lart\u00eb. Ai \u00ebnd\u00ebrron, kujton, rebelohet, ul\u00ebrin, pajtohet, p\u00ebrmallohet e fakton n\u00eb m\u00ebnyr\u00eb krejt origjinale cdo gj\u00eb q\u00eb kalon n\u00eb mendje dhe n\u00eb dit\u00ebt e tij t\u00eb izoluara.<\/p>\n<p>Nxiton t\u00eb hedhi n\u00eb skica e ngjyra \u00e7do send apo lule q\u00eb vjen nga takimet me familjen, me vajzen e vog\u00ebl s\u00eb cil\u00ebs i dedikon pjes\u00ebn m\u00eb t\u00eb madhe t\u00eb pun\u00ebve. K\u00ebto sekrete t\u00eb vogla u rr\u00ebfyen nga autori n\u00eb takimin e b\u00ebr\u00eb n\u00eb at\u00eb fortes\u00eb gjigande midis tij dhe kuratores s\u00eb ekspozit\u00ebs.<\/p>\n<p>N\u00eb artin q\u00eb z.Rexhep i njohur ndryshe p\u00ebr miqt\u00eb me emrin e shkurtuar Rexha, arrin gjithmon\u00eb t\u00eb deshifrosh simbolika dhe detaje shqiptare, nj\u00eblloj dhe n\u00eb vargjet e prozat q\u00eb ai krijon, duke sjell\u00eb admirim e nj\u00ebkoh\u00ebsisht shpres\u00eb si mesazhe t\u00eb fshehura p\u00ebr t\u00eb gjith\u00eb shqiptar\u00ebt anemban\u00eb. \u00c7do krijim t\u00eb mbush me emocione q\u00eb lidhen ngusht\u00ebsisht me autorin, t\u00eb shkuar\u00ebn e tij dhe emrin e lart\u00ebsuar t\u00eb shqiptaris\u00eb.<\/p>\n<p>Koncepti i kompozuar nga kuratorja <strong><em>Eridana \u00c7ano<\/em><\/strong> ka nj\u00eb l\u00ebvizje t\u00eb kontrolluar e organike n\u00eb hap\u00ebsirat q\u00eb z\u00eb. Veprat jan\u00eb vendosur n\u00eb form\u00ebn e nj\u00eb rr\u00ebfimi linear i cili fragmentarizohet sipas ndarjeve tematike t\u00eb cikleve artistike duke i dh\u00ebn\u00eb vizitor\u00ebve nj\u00eb panoram\u00eb t\u00eb qart\u00eb t\u00eb mozaikut krijues s\u00eb nj\u00eb autori i cili ka gjetur nj\u00eb impuls artistik n\u00eb koh\u00eb dhe kushte te pazakonta. N\u00eb koherenc\u00eb me procesin e krijimit, ekspozita \u00ebsht\u00eb nd\u00ebrtuar q\u00eb veprat t\u00eb nd\u00ebrveprojn\u00eb me nj\u00ebra-tjetr\u00ebn. Nuk ka asgj\u00eb t\u00eb rast\u00ebsishme n\u00eb renditjen e tyre. P\u00ebrzgjedhja \u00ebsht\u00eb si fjal\u00ebt e zgjedhura me kujdes n\u00eb nj\u00eb rr\u00ebfim.<\/p>\n<p>Imazhet e hedhura n\u00eb ngjyra jan\u00eb ndar\u00eb dhe vendosur n\u00eb cikle t\u00eb cilat p\u00ebrkojn\u00eb me koh\u00ebn dhe tem\u00ebn mbi t\u00eb cil\u00ebn ai krijon. Cikle si \u201cMe syt\u00eb n\u00eb hap\u00ebsir\u00eb\u201d, \u201cRruga drejt liris\u00eb\u201d, \u201cCop\u00ebza jete n\u00eb filigran\u201d , \u201cMall p\u00ebr sht\u00ebpin\u00eb\u201d, \u201cEtnos\u201d , \u201cEmblema t\u00eb gjelb\u00ebrta\u201d, \u201cK\u00ebnga e lahut\u00ebs\u201d, \u201cXhamadani vija-vija\u201d, \u201cDuke pikturuar H\u00ebn\u00ebn\u201d, \u201cP\u00ebrjetime n\u00eb kafe\u201d, \u201cAnticovid\u201d, \u201cNgjyra mbi rrenoja\u201d, etj, jan\u00eb disa nga titujt e cikleve q\u00eb mbulojn\u00eb t\u00eb gjitha hap\u00ebsirat ekspozuese s\u00eb Q\u00ebndr\u00ebs p\u00ebr Hapje dhe Dialog.[\/vc_column_text][\/vc_column][\/vc_row][vc_row][vc_column][vc_text_separator title=&#8221;Fotografi&#8221; i_icon_fontawesome=&#8221;fa fa-camera-retro&#8221; i_color=&#8221;juicy_pink&#8221; i_size=&#8221;sm&#8221; title_align=&#8221;separator_align_left&#8221; add_icon=&#8221;true&#8221;][vc_gallery type=&#8221;image_grid&#8221; images=&#8221;7083,7084,7085,7086,7087,7088,7089,7090,7091,7092,7093,7094,7095,7096,7097,7098,7099,7100,7101,7102,7103,7104,7105,7106,7107,7108,7109,7110,7111,7112,7113,7114,7115,7116,7117,7118,7119,7120,7121,7122,7123,7124,7125,7126,7127,7128,7129&#8243; img_size=&#8221;medium&#8221;][\/vc_column][\/vc_row]<\/p>\n","protected":false},"excerpt":{"rendered":"<p>[vc_row][vc_column][vc_text_separator title=&#8221;Ekspozit\u00eb&#8221; title_align=&#8221;separator_align_left&#8221;][vc_single_image image=&#8221;7081&#8243; img_size=&#8221;large&#8221;][vc_column_text] \u201cN\u00eb em\u00ebr t\u00eb liris\u00eb\u201d \u00ebsht\u00eb nj\u00eb ekspozit\u00eb pikture e cila p\u00ebrmban 157 punime artistike t\u00eb artistit autodidakt z. Rexhep Selimi. I ndodhur n\u00eb kushte jo t\u00eb zakonshme, br\u00ebnda qelis\u00eb s\u00eb tij n\u00eb Hag\u00eb, ai shfaq<\/p>\n","protected":false},"author":5,"featured_media":0,"parent":0,"menu_order":0,"comment_status":"closed","ping_status":"closed","template":"","meta":{"footnotes":""},"class_list":["post-7078","page","type-page","status-publish","hentry"],"_links":{"self":[{"href":"https:\/\/cod.al\/index.php?rest_route=\/wp\/v2\/pages\/7078","targetHints":{"allow":["GET"]}}],"collection":[{"href":"https:\/\/cod.al\/index.php?rest_route=\/wp\/v2\/pages"}],"about":[{"href":"https:\/\/cod.al\/index.php?rest_route=\/wp\/v2\/types\/page"}],"author":[{"embeddable":true,"href":"https:\/\/cod.al\/index.php?rest_route=\/wp\/v2\/users\/5"}],"replies":[{"embeddable":true,"href":"https:\/\/cod.al\/index.php?rest_route=%2Fwp%2Fv2%2Fcomments&post=7078"}],"version-history":[{"count":7,"href":"https:\/\/cod.al\/index.php?rest_route=\/wp\/v2\/pages\/7078\/revisions"}],"predecessor-version":[{"id":7329,"href":"https:\/\/cod.al\/index.php?rest_route=\/wp\/v2\/pages\/7078\/revisions\/7329"}],"wp:attachment":[{"href":"https:\/\/cod.al\/index.php?rest_route=%2Fwp%2Fv2%2Fmedia&parent=7078"}],"curies":[{"name":"wp","href":"https:\/\/api.w.org\/{rel}","templated":true}]}}