{"id":7,"date":"2015-06-17T09:08:54","date_gmt":"2015-06-17T09:08:54","guid":{"rendered":"http:\/\/cod.al\/?page_id=7"},"modified":"2016-09-07T16:31:47","modified_gmt":"2016-09-07T15:31:47","slug":"koncepti","status":"publish","type":"page","link":"https:\/\/cod.al\/?page_id=7","title":{"rendered":"Koncept"},"content":{"rendered":"<p>[vc_row el_class=&#8221;biblioteka-galery three-tabs&#8221;][vc_column][vc_tabs interval=&#8221;0&#8243;][vc_tab title=&#8221;Rreth nesh&#8221; tab_id=&#8221;1473260514513-3-0&#8243;][vc_row_inner][vc_column_inner width=&#8221;1\/2&#8243;][vc_column_text]<\/p>\n<p style=\"text-align: justify;\">Qendra p\u00ebr Hapje dhe Dialog vjen si rezultat i iniciativ\u00ebs s\u00eb Kryeministrit Edi Rama. Objektivi ishte i thjesht\u00eb: t\u00eb transformohej nj\u00eb pjes\u00eb e selis\u00eb s\u00eb K\u00ebshillit t\u00eb Ministrave n\u00eb nj\u00eb hap\u00ebsir\u00eb n\u00eb sh\u00ebrbim t\u00eb qytetar\u00ebve, q\u00eb t\u00eb p\u00ebr\u00e7oj\u00eb mesazhin e hapjes, transparenc\u00ebs dhe transformimit. P\u00ebrkthimi i k\u00ebtij objektivi n\u00eb projekt konkret ka qen\u00eb, pa dyshim, nj\u00eb pun\u00eb ku e ku m\u00eb sfiduese.<\/p>\n<p style=\"text-align: justify;\">Si mund t\u00eb shnd\u00ebrrohet vall\u00eb nj\u00eb nd\u00ebrtes\u00eb historike e me masa t\u00eb larta sigurie, e izoluar nga kontakti me qytetar\u00ebt q\u00eb kalojn\u00eb p\u00ebrdit\u00eb para saj, n\u00eb nj\u00eb mjedis t\u00eb hapur dialogu e shk\u00ebmbimesh? Si mund t\u00eb shnd\u00ebrrohet nj\u00eb hap\u00ebsir\u00eb q\u00eb deri m\u00eb sot \u00ebsht\u00eb par\u00eb nga qytetar\u00ebt si qendra hijer\u00ebnd\u00eb e pushtetit, n\u00eb nj\u00eb hap\u00ebsir\u00eb q\u00eb i fton p\u00ebr p\u00ebrfshirje n\u00eb studimin, hartimin dhe zbatimin e politikave publike? Si mund t\u00eb rikonceptohet ajo n\u00eb shenj\u00ebn e transparenc\u00ebs, hapjes dhe transformimit, duke sjell\u00eb di\u00e7ka t\u00eb re dhe unike p\u00ebr qytetar\u00ebt shqiptar\u00eb?<\/p>\n<p style=\"text-align: justify;\">Projekti q\u00eb vjen te qytetar\u00ebt n\u00eb form\u00ebn e tij p\u00ebrfundimtare ia ka dal\u00eb t\u2019u jap\u00eb p\u00ebrgjigje t\u00eb gjitha k\u00ebtyre pyetjeve e dilemave jo t\u00eb lehta. Qendra p\u00ebr Hapje dhe Dialog, COD, u jep qytetar\u00ebve shum\u00eb m\u00eb tep\u00ebr sesa thjesht akses fizik n\u00eb nd\u00ebrtes\u00ebn e K\u00ebshillit t\u00eb Ministrave. Me ndihm\u00ebn e infrastruktur\u00ebs digjitale dhe pun\u00ebs s\u00eb kurator\u00ebve p\u00ebr hapjen e arkivit t\u00eb K\u00ebshillit t\u00eb Ministrave, kjo qend\u00ebr u jep praktikisht qytetar\u00ebve, studiuesve apo t\u00eb interesuarve, akses t\u00eb plot\u00eb n\u00eb \u00e7do vendim, dokument apo material q\u00eb lidhet me vendimet dhe politikat e qeveris\u00eb, por jo vet\u00ebm. Nj\u00eb pjes\u00eb e r\u00ebnd\u00ebsishme e saj \u00ebsht\u00eb Biblioteka e Kryeministris\u00eb, me asetet e pasura n\u00eb l\u00ebmet e politik\u00ebb\u00ebrjes, integrimit europian, diplomacis\u00eb e m\u00eb tej, duke ofruar k\u00ebsisoj nj\u00eb burim t\u00eb pasur e deri m\u00eb sot thuajse t\u00eb pamundur p\u00ebr t\u2019u shfryt\u00ebzuar, p\u00ebr k\u00ebdo q\u00eb ka interes t\u00eb thellohet n\u00eb studimin e sfidave t\u00eb qeverisjes.<\/p>\n<p style=\"text-align: justify;\">Ve\u00e7 koleksioneve t\u00eb dokumenteve dhe fotove t\u00eb K\u00ebshillit t\u00eb Ministrave n\u00eb arkivin digjital t\u00eb COD, biblioteka p\u00ebrmban koleksionet e shkencave administrative dhe politikave publike, koleksionin mbi Bashkimin Europian dhe marr\u00ebdh\u00ebniet nd\u00ebrkomb\u00ebtare, koleksionin mbi artin dhe urbanizimin, koleksionin special me libra, dor\u00ebshkrime, letra personale e t\u00eb tjera dokumente t\u00eb rralla, si dhe koleksionet periodike.<\/p>\n<p style=\"text-align: justify;\">Natyrisht, aksesi n\u00eb informacion \u00ebsht\u00eb vet\u00ebm nj\u00ebra an\u00eb e medaljes. COD ka n\u00eb thelb t\u00eb misionit t\u00eb tij, jo thjesht p\u00ebr\u00e7imin e informacionit, por edhe p\u00ebrthithjen e opinioneve e mendimeve, shk\u00ebmbimet intelektuale e artistike, t\u00eb cilat jan\u00eb konceptuar n\u00eb fakt, si pjesa m\u00eb vitale dhe unike e k\u00ebtij projekti.<\/p>\n<p style=\"text-align: justify;\">I p\u00ebrb\u00ebr\u00eb nga tri hap\u00ebsira, &#8211; biblioteka, ku gjenden hap\u00ebsirat p\u00ebr studim; salla digjitale, ku shfaqen projeksionet e prezantimet; dhe salla e ekspozitave \u201cTako Artistin\u201d, COD ofron nj\u00eb vizion hapjeje dhe progresi demokratik, nd\u00ebrkoh\u00eb q\u00eb \u00e7donj\u00ebra prej sallave \u00ebsht\u00eb konceptuar t\u00eb sh\u00ebrbej\u00eb si katalizatori i nj\u00eb zinxhiri transformimesh n\u00eb p\u00ebrqasjen ndaj qeverisjes.<\/p>\n<p style=\"text-align: justify;\">Secila prej k\u00ebtyre hap\u00ebsirave funksionon n\u00eb baz\u00eb t\u00eb nj\u00eb kalendari t\u00eb integruar, i cili p\u00ebrmban ekspozita tematike dhe t\u00eb artist\u00ebve individual\u00eb, gjithnj\u00eb t\u00eb organizuara n\u00eb baz\u00eb t\u00eb thirrjeve t\u00eb hapura, q\u00eb kan\u00eb si tem\u00eb interesin publik. COD zhvillon e kuron lidhje me nj\u00eb rrjet nd\u00ebrkomb\u00ebtar intelektual\u00ebsh, akademik\u00ebsh, artist\u00ebsh dhe p\u00ebrfaq\u00ebsuesish t\u00eb shoq\u00ebris\u00eb civile, p\u00ebr t\u00eb siguruar nj\u00eb jet\u00eb aktive, t\u00eb pavarur e t\u00eb pasur aktivitetesh dhe ngjarjesh.<\/p>\n<p style=\"text-align: justify;\">COD \u00ebsht\u00eb i hapur p\u00ebr publikun \u00e7do dit\u00eb t\u00eb jav\u00ebs, ve\u00e7 s\u00eb diel\u00ebs.<\/p>\n<p>[\/vc_column_text][\/vc_column_inner][vc_column_inner width=&#8221;1\/2&#8243;][vc_gallery type=&#8221;nivo&#8221; interval=&#8221;3&#8243; images=&#8221;2200,2199,2201,2202,2203&#8243; img_size=&#8221;full&#8221;][vc_column_text]<img fetchpriority=\"high\" decoding=\"async\" class=\"aligncenter size-large wp-image-1372\" src=\"http:\/\/cod.al\/wp-content\/uploads\/2015\/06\/COD-interactive-map-031-1024x831.jpg\" alt=\"COD-interactive-map-03\" width=\"720\" height=\"584\" srcset=\"https:\/\/cod.al\/wp-content\/uploads\/2015\/06\/COD-interactive-map-031-1024x831.jpg 1024w, https:\/\/cod.al\/wp-content\/uploads\/2015\/06\/COD-interactive-map-031-300x244.jpg 300w\" sizes=\"(max-width: 720px) 100vw, 720px\" \/>[\/vc_column_text][\/vc_column_inner][\/vc_row_inner][vc_column_text css=&#8221;.vc_custom_1473260950473{background-position: center !important;background-repeat: no-repeat !important;background-size: cover !important;}&#8221;][\/vc_column_text][\/vc_tab][vc_tab title=&#8221;Stafi&#8221; tab_id=&#8221;d393ce31-349c-4&#8243;][vc_column_text css_animation=&#8221;appear&#8221;]<img decoding=\"async\" class=\"aligncenter size-large wp-image-1386\" src=\"http:\/\/cod.al\/wp-content\/uploads\/2015\/06\/construction5-1024x526.jpg\" alt=\"construction5\" width=\"720\" height=\"370\" srcset=\"https:\/\/cod.al\/wp-content\/uploads\/2015\/06\/construction5-1024x526.jpg 1024w, https:\/\/cod.al\/wp-content\/uploads\/2015\/06\/construction5-300x154.jpg 300w\" sizes=\"(max-width: 720px) 100vw, 720px\" \/>[\/vc_column_text][\/vc_tab][vc_tab title=&#8221;Bashk\u00ebpun\u00ebtor\u00ebt e COD&#8221; tab_id=&#8221;1436206897153-2-3&#8243;][vc_column_text css_animation=&#8221;appear&#8221;]<img decoding=\"async\" class=\"aligncenter size-large wp-image-1386\" src=\"http:\/\/cod.al\/wp-content\/uploads\/2015\/06\/construction5-1024x526.jpg\" alt=\"construction5\" width=\"720\" height=\"370\" srcset=\"https:\/\/cod.al\/wp-content\/uploads\/2015\/06\/construction5-1024x526.jpg 1024w, https:\/\/cod.al\/wp-content\/uploads\/2015\/06\/construction5-300x154.jpg 300w\" sizes=\"(max-width: 720px) 100vw, 720px\" \/>[\/vc_column_text][\/vc_tab][vc_tab title=&#8221;Bursa&#8221; tab_id=&#8221;1454929679412-3-1&#8243;][vc_column_text]Sipas nj\u00eb marr\u00ebveshjeje partneriteti me Ambasaden Britanike, p\u00ebr vitin akademik 2016\/17 programi Chevening ka v\u00ebn\u00eb nj\u00eb burs\u00eb n\u00eb dispozicion p\u00ebr student\u00ebt shqiptar\u00eb q\u00eb d\u00ebshirojn\u00eb t\u00eb ndjekin nj\u00eb master nj\u00eb-vje\u00e7ar n\u00eb fush\u00ebn e arteve\/shkencave humane n\u00eb subjekte q\u00eb lidhen me praktikat kuratoriale.<\/p>\n<p style=\"text-align: left;\">Aplikimet p\u00ebr k\u00ebt\u00eb burs\u00eb mbyllen m\u00eb 3 n\u00ebntor 2015.<br \/>\nP\u00ebr m\u00eb shum\u00eb informacion rreth programit, kritereve t\u00eb p\u00ebrzgjedhjes apo m\u00ebnyr\u00ebs s\u00eb aplikimit, lutemi vizitoni faqen:<span style=\"color: #808080;\"><a style=\"color: #808080;\" href=\"http:\/\/www.chevening.org\/apply\"> http:\/\/www.chevening.org\/apply\u200b<\/a><\/span><\/p>\n<p>[\/vc_column_text][\/vc_tab][\/vc_tabs][\/vc_column][\/vc_row]<\/p>\n","protected":false},"excerpt":{"rendered":"<p>[vc_row el_class=&#8221;biblioteka-galery three-tabs&#8221;][vc_column][vc_tabs interval=&#8221;0&#8243;][vc_tab title=&#8221;Rreth nesh&#8221; tab_id=&#8221;1473260514513-3-0&#8243;][vc_row_inner][vc_column_inner width=&#8221;1\/2&#8243;][vc_column_text] Qendra p\u00ebr Hapje dhe Dialog vjen si rezultat i iniciativ\u00ebs s\u00eb Kryeministrit Edi Rama. Objektivi ishte i thjesht\u00eb: t\u00eb transformohej nj\u00eb pjes\u00eb e selis\u00eb s\u00eb K\u00ebshillit t\u00eb Ministrave n\u00eb nj\u00eb hap\u00ebsir\u00eb n\u00eb<\/p>\n","protected":false},"author":5,"featured_media":0,"parent":0,"menu_order":0,"comment_status":"open","ping_status":"open","template":"","meta":{"footnotes":""},"class_list":["post-7","page","type-page","status-publish","hentry"],"_links":{"self":[{"href":"https:\/\/cod.al\/index.php?rest_route=\/wp\/v2\/pages\/7","targetHints":{"allow":["GET"]}}],"collection":[{"href":"https:\/\/cod.al\/index.php?rest_route=\/wp\/v2\/pages"}],"about":[{"href":"https:\/\/cod.al\/index.php?rest_route=\/wp\/v2\/types\/page"}],"author":[{"embeddable":true,"href":"https:\/\/cod.al\/index.php?rest_route=\/wp\/v2\/users\/5"}],"replies":[{"embeddable":true,"href":"https:\/\/cod.al\/index.php?rest_route=%2Fwp%2Fv2%2Fcomments&post=7"}],"version-history":[{"count":50,"href":"https:\/\/cod.al\/index.php?rest_route=\/wp\/v2\/pages\/7\/revisions"}],"predecessor-version":[{"id":2313,"href":"https:\/\/cod.al\/index.php?rest_route=\/wp\/v2\/pages\/7\/revisions\/2313"}],"wp:attachment":[{"href":"https:\/\/cod.al\/index.php?rest_route=%2Fwp%2Fv2%2Fmedia&parent=7"}],"curies":[{"name":"wp","href":"https:\/\/api.w.org\/{rel}","templated":true}]}}