{"id":647,"date":"2015-07-06T15:25:32","date_gmt":"2015-07-06T14:25:32","guid":{"rendered":"http:\/\/cod.al\/?page_id=647"},"modified":"2018-09-12T11:25:11","modified_gmt":"2018-09-12T10:25:11","slug":"philippe-parreno","status":"publish","type":"page","link":"https:\/\/cod.al\/?page_id=647","title":{"rendered":"Philippe Parreno"},"content":{"rendered":"<p>[vc_row][vc_column][vc_column_text]<\/p>\n<hr \/>\n<p>&nbsp;<\/p>\n<div id=\"attachment_1045\" style=\"width: 1040px\" class=\"wp-caption alignnone\"><img fetchpriority=\"high\" decoding=\"async\" aria-describedby=\"caption-attachment-1045\" class=\"wp-image-1045 size-full\" src=\"http:\/\/cod.al\/wp-content\/uploads\/2015\/07\/Philipe_Alb_Vers.png\" alt=\"Philipe_Alb_Vers\" width=\"1030\" height=\"386\" srcset=\"https:\/\/cod.al\/wp-content\/uploads\/2015\/07\/Philipe_Alb_Vers.png 1030w, https:\/\/cod.al\/wp-content\/uploads\/2015\/07\/Philipe_Alb_Vers-300x112.png 300w, https:\/\/cod.al\/wp-content\/uploads\/2015\/07\/Philipe_Alb_Vers-1024x384.png 1024w\" sizes=\"(max-width: 1030px) 100vw, 1030px\" \/><p id=\"caption-attachment-1045\" class=\"wp-caption-text\">foto: Blerta Kambo Copyright Philippe Parreno<\/p><\/div>\n<h3><strong>Philippe Parreno<\/strong><\/h3>\n<p>Marquee, 2008. Neon, fluorescent light, chains.<\/p>\n<p>Installation viewed: \u201cSolomon R. Guggenheim\u201d Museum, New York<\/p>\n<p>Filip Parreno is a French whose work includes various media, such as film, installations, performance, drawing, and text. By re-evaluating the meaning of reality, memory and the imaginary, Parreno focuses on expanding ideas of time and duration through his artworks and distinctive conception of exhibitions as a medium. Preferring projects to objects, he began examining unique approaches to narration and representation in the 1990s and has been exhibiting internationally ever since.<\/p>\n<p>The concept of exhibitions and exhibition-making has been a central aspect for Parreno. Taking the exhibition as a medium, he radically redefined the exhibition experience by exploring its possibilities as a coherent \u201cobject\u201d rather than as a collection of individual works. To this end, he conceives his shows as a scripted space where a series of events unfolds, guiding the visitor through the galleries by the orchestration of sound and image. This is a question of creating, in a given volume, as much space and time as possible by folding and unfolding the space onto itself. He seeks to transform the exhibition visit into a singular experience that plays with spatial and temporal boundaries and the sensory experience of the visitor who is guided through the space by the orchestration of sound and image. For the artist, the exhibition is less a total work of art than a necessary interdependence that offers an on-going series of open possibilities.<\/p>\n<p>Apart from his extended concept of exhibitions, Parreno&#8217;s artworks are concerned with the transformation of art genres, where is great diversity of used media plays a significant role. Moreover, his occupation with time and his questioning of reality, memory and the passage of time seeks to expand not only the general exhibition concept but also the common understanding of duration.<\/p>\n<p>Since 2006 Parreno has been creating light works that resemble the type of illuminated canopies that feature on theatres and old fashioned cinemas. The glowing pieces span the realms of sculpture, architecture and art acting as ambiguous gateways to the outside world.<\/p>\n<p>Duke funksionuar si shenja apo etiketa pa fjal\u00eb, k\u00ebto streh\u00eb si fantazma i gjejm\u00eb shpesh n\u00eb hyrje t\u00eb muzeve dhe qendrave t\u00eb artit, ku duket sikur i ftojn\u00eb t\u00eb pranishmit jo p\u00ebr nj\u00eb vizit\u00eb, por p\u00ebr t\u00eb par\u00eb vet\u00eb shfaqjen. Streha m\u00eb e madhe q\u00eb Parreno ka realizuar deri m\u00eb sot, Marquee Tirana\/Markiza Tiran\u00eb 2015, ndri\u00e7on hyrjen e Kryeministris\u00eb shqiptare q\u00eb hap dyert p\u00ebr publikun me COD.<\/p>\n<p>This art work was a gift for the Albanian People<\/p>\n<p>Filip Parreno lives and works in Paris. His work is displayed all over the world. His personal exhibitions include H {N} YPN (Y} OSIS, exhibited at Park Avenue Armory, New York, 2015; Everywhere, Everywhere Outside the World at the Tokyo Palace in Paris, 2013; Garage Center for Contemporary Culture in 2013, the &#8220;Barbican&#8221; Art Gallery in London, 2013, &#8220;Beyeler&#8221; Foundation, 2012, the Philadelphia Art Museum, 2012, the Serpentine Gallery in London, 2010, the Irish Museum of Modern Art in Dublin, 2009; Pompidu Center in Paris, 2009, Art Gallery in Zurich, 2009, Museum of Modern Art in San Francisco, 2003, and the Museum of Modern Art of Paris, 2002.[\/vc_column_text][\/vc_column][\/vc_row]<\/p>\n","protected":false},"excerpt":{"rendered":"<p>.<\/p>\n","protected":false},"author":5,"featured_media":1006,"parent":556,"menu_order":0,"comment_status":"open","ping_status":"open","template":"","meta":{"footnotes":""},"class_list":["post-647","page","type-page","status-publish","has-post-thumbnail","hentry"],"_links":{"self":[{"href":"https:\/\/cod.al\/index.php?rest_route=\/wp\/v2\/pages\/647","targetHints":{"allow":["GET"]}}],"collection":[{"href":"https:\/\/cod.al\/index.php?rest_route=\/wp\/v2\/pages"}],"about":[{"href":"https:\/\/cod.al\/index.php?rest_route=\/wp\/v2\/types\/page"}],"author":[{"embeddable":true,"href":"https:\/\/cod.al\/index.php?rest_route=\/wp\/v2\/users\/5"}],"replies":[{"embeddable":true,"href":"https:\/\/cod.al\/index.php?rest_route=%2Fwp%2Fv2%2Fcomments&post=647"}],"version-history":[{"count":12,"href":"https:\/\/cod.al\/index.php?rest_route=\/wp\/v2\/pages\/647\/revisions"}],"predecessor-version":[{"id":1044,"href":"https:\/\/cod.al\/index.php?rest_route=\/wp\/v2\/pages\/647\/revisions\/1044"}],"up":[{"embeddable":true,"href":"https:\/\/cod.al\/index.php?rest_route=\/wp\/v2\/pages\/556"}],"wp:featuredmedia":[{"embeddable":true,"href":"https:\/\/cod.al\/index.php?rest_route=\/wp\/v2\/media\/1006"}],"wp:attachment":[{"href":"https:\/\/cod.al\/index.php?rest_route=%2Fwp%2Fv2%2Fmedia&parent=647"}],"curies":[{"name":"wp","href":"https:\/\/api.w.org\/{rel}","templated":true}]}}

<p>[vc_row][vc_column][vc_column_text]</p>
<hr />
<p>&nbsp;</p>
<div id="attachment_1045" style="width: 1040px" class="wp-caption alignnone"><img fetchpriority="high" decoding="async" aria-describedby="caption-attachment-1045" class="wp-image-1045 size-full" src="http://cod.al/wp-content/uploads/2015/07/Philipe_Alb_Vers.png" alt="Philipe_Alb_Vers" width="1030" height="386" srcset="https://cod.al/wp-content/uploads/2015/07/Philipe_Alb_Vers.png 1030w, https://cod.al/wp-content/uploads/2015/07/Philipe_Alb_Vers-300x112.png 300w, https://cod.al/wp-content/uploads/2015/07/Philipe_Alb_Vers-1024x384.png 1024w" sizes="(max-width: 1030px) 100vw, 1030px" /><p id="caption-attachment-1045" class="wp-caption-text">foto: Blerta Kambo Copyright Philippe Parreno</p></div>
<h3><strong>Philippe Parreno</strong></h3>
<p>Marquee, 2008. Neon, fluorescent light, chains.</p>
<p>Installation viewed: “Solomon R. Guggenheim” Museum, New York</p>
<p>Filip Parreno is a French whose work includes various media, such as film, installations, performance, drawing, and text. By re-evaluating the meaning of reality, memory and the imaginary, Parreno focuses on expanding ideas of time and duration through his artworks and distinctive conception of exhibitions as a medium. Preferring projects to objects, he began examining unique approaches to narration and representation in the 1990s and has been exhibiting internationally ever since.</p>
<p>The concept of exhibitions and exhibition-making has been a central aspect for Parreno. Taking the exhibition as a medium, he radically redefined the exhibition experience by exploring its possibilities as a coherent “object” rather than as a collection of individual works. To this end, he conceives his shows as a scripted space where a series of events unfolds, guiding the visitor through the galleries by the orchestration of sound and image. This is a question of creating, in a given volume, as much space and time as possible by folding and unfolding the space onto itself. He seeks to transform the exhibition visit into a singular experience that plays with spatial and temporal boundaries and the sensory experience of the visitor who is guided through the space by the orchestration of sound and image. For the artist, the exhibition is less a total work of art than a necessary interdependence that offers an on-going series of open possibilities.</p>
<p>Apart from his extended concept of exhibitions, Parreno&#8217;s artworks are concerned with the transformation of art genres, where is great diversity of used media plays a significant role. Moreover, his occupation with time and his questioning of reality, memory and the passage of time seeks to expand not only the general exhibition concept but also the common understanding of duration.</p>
<p>Since 2006 Parreno has been creating light works that resemble the type of illuminated canopies that feature on theatres and old fashioned cinemas. The glowing pieces span the realms of sculpture, architecture and art acting as ambiguous gateways to the outside world.</p>
<p>Duke funksionuar si shenja apo etiketa pa fjalë, këto strehë si fantazma i gjejmë shpesh në hyrje të muzeve dhe qendrave të artit, ku duket sikur i ftojnë të pranishmit jo për një vizitë, por për të parë vetë shfaqjen. Streha më e madhe që Parreno ka realizuar deri më sot, Marquee Tirana/Markiza Tiranë 2015, ndriçon hyrjen e Kryeministrisë shqiptare që hap dyert për publikun me COD.</p>
<p>This art work was a gift for the Albanian People</p>
<p>Filip Parreno lives and works in Paris. His work is displayed all over the world. His personal exhibitions include H {N} YPN (Y} OSIS, exhibited at Park Avenue Armory, New York, 2015; Everywhere, Everywhere Outside the World at the Tokyo Palace in Paris, 2013; Garage Center for Contemporary Culture in 2013, the &#8220;Barbican&#8221; Art Gallery in London, 2013, &#8220;Beyeler&#8221; Foundation, 2012, the Philadelphia Art Museum, 2012, the Serpentine Gallery in London, 2010, the Irish Museum of Modern Art in Dublin, 2009; Pompidu Center in Paris, 2009, Art Gallery in Zurich, 2009, Museum of Modern Art in San Francisco, 2003, and the Museum of Modern Art of Paris, 2002.[/vc_column_text][/vc_column][/vc_row]</p>
