{"id":5852,"date":"2019-10-17T10:29:11","date_gmt":"2019-10-17T09:29:11","guid":{"rendered":"http:\/\/cod.al\/?page_id=5852"},"modified":"2019-10-17T10:29:11","modified_gmt":"2019-10-17T09:29:11","slug":"perino-vele","status":"publish","type":"page","link":"https:\/\/cod.al\/?page_id=5852","title":{"rendered":"Perino &#038; Vele"},"content":{"rendered":"<p>[vc_row][vc_column][vc_column_text]<img fetchpriority=\"high\" decoding=\"async\" class=\" wp-image-5853 alignleft\" src=\"http:\/\/cod.al\/wp-content\/uploads\/2019\/10\/perino-e-vele-300x169.jpg\" alt=\"perino-e-vele\" width=\"432\" height=\"244\" srcset=\"https:\/\/cod.al\/wp-content\/uploads\/2019\/10\/perino-e-vele-300x169.jpg 300w, https:\/\/cod.al\/wp-content\/uploads\/2019\/10\/perino-e-vele-1024x576.jpg 1024w, https:\/\/cod.al\/wp-content\/uploads\/2019\/10\/perino-e-vele-800x450.jpg 800w, https:\/\/cod.al\/wp-content\/uploads\/2019\/10\/perino-e-vele.jpg 1067w\" sizes=\"(max-width: 432px) 100vw, 432px\" \/><\/p>\n<p><strong>Perino &amp; Vele<\/strong><\/p>\n<p>Perino &amp; Vele \u00ebsht\u00eb nj\u00eb dyshe artistike italiane e p\u00ebrb\u00ebr\u00eb nga Emiliano Perino, i lindur n\u00eb Nju Jork m\u00eb 1973, dhe nga Luca Vele, i lindur n\u00eb Rotondi n\u00eb vitin 1975.<\/p>\n<p>Nga viti 1994 ata kan\u00eb jetuar dhe punuar n\u00eb Rotondi, dhe q\u00eb nga viti 2015 kan\u00eb nj\u00eb studio edhe n\u00eb Nju Jork. T\u00eb njohur p\u00ebr stilin e tyre personal, n\u00ebp\u00ebrmjet t\u00eb cilit ata p\u00ebrkthejn\u00eb imagjinaren e tyre figurative n\u00eb skulptura dhe instalacione me p\u00ebrmasa t\u00eb m\u00ebdha, ata kan\u00eb nj\u00eb ndjenj\u00eb t\u00eb fort\u00eb p\u00ebrgjegj\u00ebsie, e cila shprehet edhe nga materialet e p\u00ebrdorura, midis t\u00eb cilave preferojn\u00eb papiermashen\u00eb (papier-m\u00e2ch\u00e9: nj\u00eb p\u00ebrzierje brume letre me adeziv, e cila m\u00eb pas lihet t\u00eb thahet sipas form\u00ebs q\u00eb i jep artisti).<\/p>\n<p>N\u00eb vitin 1999 Perino &amp; Vele u zgjodh\u00ebn nga Harald Szeemann p\u00ebr Bienalen e Venecias. Marrin pjes\u00eb n\u00eb Bienalen e XIII Nd\u00ebrkomb\u00ebtare t\u00eb Skulptur\u00ebs (Carrara); n\u00eb Trienalen e Milanos n\u00eb 2010 dhe n\u00eb Kuadrinalen e XV n\u00eb Rom\u00eb. Ekspozojn\u00eb n\u00eb muze dhe fondacione prestigjioze, duke p\u00ebrfshir\u00eb: MEF Museo Ettore Fico dhe Fondacioni Sandretto Re Rebaudengo (Torino); MARCA Muzeu i Arteve n\u00eb Catanzaro; il Madre \u2013 Muzeu i Artit Bashk\u00ebkohor n\u00eb Donnaregina (Napoli); Fondacioni Arnaldo Pomodoro (Milano); MART \u2013 Muzeu i Artit Modern dhe Bashk\u00ebkohor n\u00eb Trento-Rovereto; MACRO (Rom\u00eb); MAMbo (Bolonja); Qendra Luigi Pecci p\u00ebr Art Bashk\u00ebkohor (Prato); Museion (Bolzano); Pinakoteka Komb\u00ebtare e Bolonj\u00ebs; Galeria e Qytetit e Artit Modern GCAM n\u00eb Spoleto; Qendra e Ekspozitave (Shanghai); Akademia Komb\u00ebtare e Piktur\u00ebs n\u00eb Kin\u00eb dhe Muzeu i Artit Pekini Sot n\u00eb Pekin; Muzeun dhe Galerin\u00eb e Arteve t\u00eb Birminghamit (Birmingham, Angli).<\/p>\n<p>Pun\u00ebt e tyre gjenden n\u00eb koleksionet e p\u00ebrhershme t\u00eb il Madre, MART, t\u00eb Fondacionit Pino Pascali, t\u00eb Muzeut Arkeologjik Komb\u00ebtar t\u00eb Pontecagnano dhe t\u00eb GAM. Aktualisht ata bashk\u00ebpunojn\u00eb me Galerin\u00eb Alfonso Artiaco (Napoli), Alberto Peola arte contemporanea e Torinos, Anna Marra Art Bashk\u00ebkohor e Rom\u00ebs dhe Projektet Cassina n\u00eb Nju Jork.[\/vc_column_text][\/vc_column][\/vc_row]<\/p>\n","protected":false},"excerpt":{"rendered":"<p>[vc_row][vc_column][vc_column_text] Perino &amp; Vele Perino &amp; Vele \u00ebsht\u00eb nj\u00eb dyshe artistike italiane e p\u00ebrb\u00ebr\u00eb nga Emiliano Perino, i lindur n\u00eb Nju Jork m\u00eb 1973, dhe nga Luca Vele, i lindur n\u00eb Rotondi n\u00eb vitin 1975. Nga viti 1994 ata kan\u00eb<\/p>\n","protected":false},"author":5,"featured_media":0,"parent":0,"menu_order":0,"comment_status":"closed","ping_status":"closed","template":"","meta":{"footnotes":""},"class_list":["post-5852","page","type-page","status-publish","hentry"],"_links":{"self":[{"href":"https:\/\/cod.al\/index.php?rest_route=\/wp\/v2\/pages\/5852","targetHints":{"allow":["GET"]}}],"collection":[{"href":"https:\/\/cod.al\/index.php?rest_route=\/wp\/v2\/pages"}],"about":[{"href":"https:\/\/cod.al\/index.php?rest_route=\/wp\/v2\/types\/page"}],"author":[{"embeddable":true,"href":"https:\/\/cod.al\/index.php?rest_route=\/wp\/v2\/users\/5"}],"replies":[{"embeddable":true,"href":"https:\/\/cod.al\/index.php?rest_route=%2Fwp%2Fv2%2Fcomments&post=5852"}],"version-history":[{"count":2,"href":"https:\/\/cod.al\/index.php?rest_route=\/wp\/v2\/pages\/5852\/revisions"}],"predecessor-version":[{"id":5855,"href":"https:\/\/cod.al\/index.php?rest_route=\/wp\/v2\/pages\/5852\/revisions\/5855"}],"wp:attachment":[{"href":"https:\/\/cod.al\/index.php?rest_route=%2Fwp%2Fv2%2Fmedia&parent=5852"}],"curies":[{"name":"wp","href":"https:\/\/api.w.org\/{rel}","templated":true}]}}