{"id":3198,"date":"2017-04-04T15:58:15","date_gmt":"2017-04-04T14:58:15","guid":{"rendered":"http:\/\/cod.al\/?page_id=3198"},"modified":"2017-04-06T16:56:09","modified_gmt":"2017-04-06T15:56:09","slug":"bienalja-e-akuarelit","status":"publish","type":"page","link":"https:\/\/cod.al\/?page_id=3198","title":{"rendered":"Bienalja e Akuarelit"},"content":{"rendered":"<p>[vc_row][vc_column][vc_column_text]<\/p>\n<h3>BIENALJA E AKUARELIT<\/h3>\n<p>[\/vc_column_text][vc_masonry_media_grid grid_id=&#8221;vc_gid:1491494146091-24f71f70-b345-9&#8243; include=&#8221;3205,3204,3203,3202,3201,3200,3199&#8243;][vc_column_text]<\/p>\n<p class=\"m_5670035796060896220gmail-MsoNoSpacing\">COD mir\u00ebpret Bienalen e Dyt\u00eb Nd\u00ebrkomb\u00ebtare t\u00eb Akuarelit, me ekspozit\u00eb, demonstrime artist\u00ebsh dhe shfaqje filmash. Bienalja e Dyt\u00eb e Akuarelit, me gjeografi t\u00eb pasur sallash e hap\u00ebsirash n\u00eb Tiran\u00eb, realizohet nga Shoqata Kulturore VIZart dhe IWS Albania. Fokusi \u00ebsht\u00eb organizimi i seminareve t\u00eb posa\u00e7me demonstruese dhe rikujtimi i teknikave t\u00eb harruara t\u00eb boj\u00ebrave t\u00eb ujit.<\/p>\n<p class=\"m_5670035796060896220gmail-MsoNoSpacing\">Nga data 13 mars, artisti Helidon Haliti shfaq ekspozit\u00ebn e tij t\u00eb akuarelit me 40 punime, realizuar me teknika t\u00eb ndryshme. Dit\u00eb pas dite, akuarelist\u00ebt m\u00eb n\u00eb z\u00eb t\u00eb bot\u00ebs dhe mjeshtrat shqiptar\u00eb zhvillojn\u00eb takime e demonstrime t\u00eb pun\u00ebs s\u00eb tyre me t\u00eb rinj piktor\u00eb, nx\u00ebn\u00ebs e student\u00eb t\u00eb artit. Me teknika nga m\u00eb t\u00eb ndryshmet, mjeshtra me p\u00ebrvoj\u00eb transmetojn\u00eb dhe shk\u00ebmbejn\u00eb eksperienca me t\u00eb rinj t\u00eb interesuar t\u00eb fush\u00ebs, duke bashk\u00ebvepruar me auditorin e duke krijuar ura komunikimi mes vendeve dhe kulturave.<\/p>\n<p class=\"m_5670035796060896220gmail-MsoNoSpacing\">Dit\u00ebn e h\u00ebn\u00eb, m\u00eb 13 mars, artisti i mir\u00ebnjohur bullgar Krasimir Todorov b\u00ebn nj\u00eb demonstrim t\u00eb rrall\u00eb t\u00eb pun\u00ebs s\u00eb tij p\u00ebr krijimin e skulpturave tredimensionale me let\u00ebr akuareli.<\/p>\n<p class=\"m_5670035796060896220gmail-MsoNoSpacing\">N\u00eb fund t\u00eb takimit, n\u00eb forumin e COD shfaqet filmi \u201cRrug\u00ebtimi i Akuarelit\u201d, i cili p\u00ebrshkon etapa t\u00eb ndryshme t\u00eb zhvillimit t\u00eb k\u00ebtij zhanri n\u00eb festivalet nd\u00ebrkomb\u00ebtare.<\/p>\n<p class=\"m_5670035796060896220gmail-MsoNoSpacing\">M\u00eb dat\u00eb 15 mars, artist\u00eb t\u00eb tjer\u00eb mes 100 akuarelist\u00ebve nga 60 vende t\u00eb bot\u00ebs, t\u00eb pranish\u00ebm n\u00eb Tiran\u00eb, demonstrojn\u00eb pun\u00ebn dhe teknikat e tyre n\u00eb mjediset e COD. Veprimtaria \u00ebsht\u00eb nj\u00eb p\u00ebrvoj\u00eb e dobishme dhe rast p\u00ebr ta promovuar Shqip\u00ebrin\u00eb, kultur\u00ebn, historin\u00eb dhe bukurit\u00eb e saj. Prania e Liu Yi (Kin\u00eb), Amit Kapoor (Indi), Atanur Dogan (Turqi\/Kanada), You Mee Park (Kore), Jansen Chow (Malajzi), La Fe (Tailand\u00eb), Ihor Youchenk (Ukrain\u00eb) e shum\u00eb t\u00eb tjer\u00ebve nxit komunikimin me bot\u00ebn e artit, n\u00ebp\u00ebrmjet shk\u00ebmbimit dhe bashk\u00ebpunimit p\u00ebr zhvillimin e pikturave n\u00eb akuarel, zhan\u00ebr thuajse i harruar n\u00eb vendin ton\u00eb.<\/p>\n<p class=\"m_5670035796060896220gmail-MsoNoSpacing\">M\u00eb 16 mars, n\u00eb kuad\u00ebr t\u00eb Bienales s\u00eb Dyt\u00eb Nd\u00ebrkomb\u00ebtare t\u00eb Akuarelit, artisti i mir\u00ebnjohur kinez Liu Yi realizon nj\u00eb demonstrim t\u00eb posa\u00e7\u00ebm n\u00eb mjediset e bibliotek\u00ebs s\u00eb COD. I vler\u00ebsuar anemban\u00eb bot\u00ebs me \u00e7mime t\u00eb para p\u00ebr pun\u00ebn e tij \u201cmagjike\u201d me boj\u00ebrat e ujit, p\u00ebr rreth 2 or\u00eb, Liu Yi nderon publikun e interesuar me nj\u00eb demonstrim t\u00eb rrall\u00eb, n\u00eb nd\u00ebrveprim me modelen e tij, balerin\u00eb me kostum komb\u00ebtar.<\/p>\n<p class=\"m_5670035796060896220gmail-MsoNoSpacing\">Liu Yi \u00ebsht\u00eb shum\u00eb i dh\u00ebn\u00eb pas p\u00ebrdorimit t\u00eb teknik\u00ebs s\u00eb lagur, q\u00eb e lejon t\u00eb krijoj\u00eb koherenc\u00eb mes nj\u00eb kuptimi s\u00eb brendshmi dhe v\u00ebshtrimit s\u00eb jashtmi, i cili \u00ebsht\u00eb menduar t\u00eb l\u00ebr\u00eb p\u00ebrshtypje t\u00eb fort\u00eb te shikuesit. I njohur p\u00ebr penelin e shpejt\u00eb n\u00eb piktur\u00eb dhe ritmin e shpejt\u00eb n\u00eb procesin e b\u00ebrjes, Yi arrin ta b\u00ebj\u00eb artin e tij t\u00eb duket i paq\u00ebllimsh\u00ebm dhe t\u00ebrheq\u00ebs, duke theksuar efektin me boj\u00ebra uji. Aft\u00ebsia e jasht\u00ebzakonshme, talenti q\u00eb zot\u00ebron artisti shihet n\u00eb m\u00ebnyr\u00ebn se si e arrin virtytin e pabesuesh\u00ebm dhe qart\u00ebsin\u00eb e subjektit t\u00eb vepr\u00ebs, duke mos l\u00ebn\u00eb hap\u00ebsir\u00eb \u200b\u200bp\u00ebr konfuzion.<\/p>\n<p>[\/vc_column_text][\/vc_column][\/vc_row]<\/p>\n","protected":false},"excerpt":{"rendered":"<p>[vc_row][vc_column][vc_column_text] BIENALJA E AKUARELIT [\/vc_column_text][vc_masonry_media_grid grid_id=&#8221;vc_gid:1491494146091-24f71f70-b345-9&#8243; include=&#8221;3205,3204,3203,3202,3201,3200,3199&#8243;][vc_column_text] COD mir\u00ebpret Bienalen e Dyt\u00eb Nd\u00ebrkomb\u00ebtare t\u00eb Akuarelit, me ekspozit\u00eb, demonstrime artist\u00ebsh dhe shfaqje filmash. Bienalja e Dyt\u00eb e Akuarelit, me gjeografi t\u00eb pasur sallash e hap\u00ebsirash n\u00eb Tiran\u00eb, realizohet nga Shoqata Kulturore<\/p>\n","protected":false},"author":5,"featured_media":0,"parent":0,"menu_order":0,"comment_status":"closed","ping_status":"closed","template":"","meta":{"footnotes":""},"class_list":["post-3198","page","type-page","status-publish","hentry"],"_links":{"self":[{"href":"https:\/\/cod.al\/index.php?rest_route=\/wp\/v2\/pages\/3198","targetHints":{"allow":["GET"]}}],"collection":[{"href":"https:\/\/cod.al\/index.php?rest_route=\/wp\/v2\/pages"}],"about":[{"href":"https:\/\/cod.al\/index.php?rest_route=\/wp\/v2\/types\/page"}],"author":[{"embeddable":true,"href":"https:\/\/cod.al\/index.php?rest_route=\/wp\/v2\/users\/5"}],"replies":[{"embeddable":true,"href":"https:\/\/cod.al\/index.php?rest_route=%2Fwp%2Fv2%2Fcomments&post=3198"}],"version-history":[{"count":5,"href":"https:\/\/cod.al\/index.php?rest_route=\/wp\/v2\/pages\/3198\/revisions"}],"predecessor-version":[{"id":3208,"href":"https:\/\/cod.al\/index.php?rest_route=\/wp\/v2\/pages\/3198\/revisions\/3208"}],"wp:attachment":[{"href":"https:\/\/cod.al\/index.php?rest_route=%2Fwp%2Fv2%2Fmedia&parent=3198"}],"curies":[{"name":"wp","href":"https:\/\/api.w.org\/{rel}","templated":true}]}}