{"id":3186,"date":"2017-04-04T12:21:14","date_gmt":"2017-04-04T11:21:14","guid":{"rendered":"http:\/\/cod.al\/?page_id=3186"},"modified":"2017-04-04T12:21:59","modified_gmt":"2017-04-04T11:21:59","slug":"pjerin-kolnikaj","status":"publish","type":"page","link":"https:\/\/cod.al\/?page_id=3186","title":{"rendered":"Pjerin Kolnikaj"},"content":{"rendered":"<p><a href=\"http:\/\/cod.al\/wp-content\/uploads\/2017\/04\/IMG_5713.jpg\"><img fetchpriority=\"high\" decoding=\"async\" class=\"size-full wp-image-3187 aligncenter\" src=\"http:\/\/cod.al\/wp-content\/uploads\/2017\/04\/IMG_5713.jpg\" alt=\"IMG_5713\" width=\"600\" height=\"373\" srcset=\"https:\/\/cod.al\/wp-content\/uploads\/2017\/04\/IMG_5713.jpg 600w, https:\/\/cod.al\/wp-content\/uploads\/2017\/04\/IMG_5713-300x187.jpg 300w\" sizes=\"(max-width: 600px) 100vw, 600px\" \/><\/a><\/p>\n<h3><\/h3>\n<h3>&#8220;Fjala si skulptur\u00eb dhe skulptura si fjal\u00eb&#8221;<\/h3>\n<p>Heshtja \u00ebsht\u00eb pika ku bashkohen t\u00eb gjitha fjal\u00ebt, tentacioni p\u00ebr ta prishur heshtjen shp\u00ebrndan fjal\u00ebt dhe sikur largon at\u00eb q\u00eb e ndjejm\u00eb n\u00eb heshtje, por q\u00eb duam ta kapim me fjal\u00eb. Pika drejt s\u00eb cil\u00ebs jan\u00eb nisur t\u00eb gjith\u00eb nuk ka nevoj\u00eb\u00a0 t\u00eb shpjegohet, vet\u00ebm t\u00eb sh\u00ebnohet me besim. Gjithsecili le t\u00eb sh\u00ebnoj\u00eb shenj\u00ebn e tij, e cila nuk duhet domosdoshm\u00ebrisht t\u00eb komunikoj\u00eb di\u00e7ka t\u00eb kuptueshme p\u00ebr t\u00eb tjer\u00ebt, t\u00eb kapshme ndoshta po, mjafton t\u00eb jet\u00eb e dukshme. Konstatimi p\u00ebrfundimtar i pik\u00ebs drejt s\u00eb cil\u00ebs nisemi \u00ebsht\u00eb kaq personal, sa e humbet sensin e komunikimit pik\u00ebrisht kur merr form\u00eb si konstatim, \u00ebsht\u00eb momenti i transmetimit direkt t\u00eb ndjesis\u00eb sime, \u00ebsht\u00eb nj\u00eb moment i paimituesh\u00ebm dhe i p\u00ebrs\u00ebritsh\u00ebm vet\u00ebm n\u00eb forma t\u00eb reja shfaqjeje. Nj\u00eb moment q\u00eb kalon t\u00eb v\u00ebrtet\u00ebn e kapshme nga fjala dhe q\u00eb hyn n\u00eb rrjedh\u00ebn e s\u00eb p\u00ebrditshmes vet\u00ebm pasi t\u00eb jet\u00eb b\u00ebr\u00eb konstatim i p\u00ebrgjithsh\u00ebm. Shpeshher\u00eb druhem se mos ia p\u00ebrshtas gj\u00ebrat arbitrarisht m\u00ebnyr\u00ebs sime t\u00eb t\u00eb menduarit dhe preferoj heshtjen. I vetmi koncept q\u00eb m\u00eb intereson seriozisht \u00ebsht\u00eb jet\u00ebgjat\u00ebsia, ndoshta prandaj jam dhe i p\u00ebrkushtuar ndaj materialeve q\u00eb garantojn\u00eb jet\u00ebgjat\u00ebsi.<\/p>\n<p style=\"text-align: right;\"><strong>Pjerin Kolnikaj<\/strong><\/p>\n<h3><\/h3>\n<h3><strong>Mbi mashkullor\u00ebsin\u00eb e skulptur\u00ebs s\u00eb Pjerin Kolnik\u00ebs<\/strong><\/h3>\n<p>Skulptura e Pjerin Kolnik\u00ebs, n\u00eb t\u00eb gjitha materiet q\u00eb ajo gjendet, duket si t\u00eb jet\u00eb e b\u00ebr\u00eb m\u00ebngjesin e dit\u00ebs s\u00eb gjasht\u00eb t\u00eb zanafill\u00ebs, at\u00ebhere kur Adami nuk kishte r\u00ebn\u00eb ende t\u00eb flinte n\u00eb zheg e kur Zoti ende nuk ia kishte nxjerr\u00eb nj\u00ebr\u00ebn brinj\u00eb p\u00ebr t\u00eb b\u00ebr\u00eb Ev\u00ebn. Ai gjendet i vet\u00ebm n\u00eb kopshtin e Edenit, kryelart\u00eb dhe pa frik\u00ebn e audienc\u00ebs.<\/p>\n<p>Pjerin Kolnikaj \u00ebsht\u00eb nj\u00eb bachelor (kalor\u00ebs-beqar) i skulptur\u00ebs bashk\u00ebkohore shqiptare, nj\u00eb njeri q\u00eb e ka refuzuar q\u00eb n\u00eb krye t\u00eb her\u00ebs imitimin (Mimesisin Aristotelian) dhe q\u00eb vazhdon t\u00eb jet\u00eb n\u00eb p\u00ebrpjekje p\u00ebr eksteriorizimin e materieve q\u00eb merr n\u00eb duar.<\/p>\n<p>&nbsp;<\/p>\n<p style=\"text-align: right;\"><strong>Stefan \u00c7apaliku<\/strong><\/p>\n<p>&nbsp;<\/p>\n<p>&nbsp;<\/p>\n","protected":false},"excerpt":{"rendered":"<p>&#8220;Fjala si skulptur\u00eb dhe skulptura si fjal\u00eb&#8221; Heshtja \u00ebsht\u00eb pika ku bashkohen t\u00eb gjitha fjal\u00ebt, tentacioni p\u00ebr ta prishur heshtjen shp\u00ebrndan fjal\u00ebt dhe sikur largon at\u00eb q\u00eb e ndjejm\u00eb n\u00eb heshtje, por q\u00eb duam ta kapim me fjal\u00eb. Pika drejt<\/p>\n","protected":false},"author":5,"featured_media":0,"parent":0,"menu_order":0,"comment_status":"closed","ping_status":"closed","template":"","meta":{"footnotes":""},"class_list":["post-3186","page","type-page","status-publish","hentry"],"_links":{"self":[{"href":"https:\/\/cod.al\/index.php?rest_route=\/wp\/v2\/pages\/3186","targetHints":{"allow":["GET"]}}],"collection":[{"href":"https:\/\/cod.al\/index.php?rest_route=\/wp\/v2\/pages"}],"about":[{"href":"https:\/\/cod.al\/index.php?rest_route=\/wp\/v2\/types\/page"}],"author":[{"embeddable":true,"href":"https:\/\/cod.al\/index.php?rest_route=\/wp\/v2\/users\/5"}],"replies":[{"embeddable":true,"href":"https:\/\/cod.al\/index.php?rest_route=%2Fwp%2Fv2%2Fcomments&post=3186"}],"version-history":[{"count":2,"href":"https:\/\/cod.al\/index.php?rest_route=\/wp\/v2\/pages\/3186\/revisions"}],"predecessor-version":[{"id":3190,"href":"https:\/\/cod.al\/index.php?rest_route=\/wp\/v2\/pages\/3186\/revisions\/3190"}],"wp:attachment":[{"href":"https:\/\/cod.al\/index.php?rest_route=%2Fwp%2Fv2%2Fmedia&parent=3186"}],"curies":[{"name":"wp","href":"https:\/\/api.w.org\/{rel}","templated":true}]}}