{"id":3152,"date":"2017-03-17T12:00:22","date_gmt":"2017-03-17T11:00:22","guid":{"rendered":"http:\/\/cod.al\/?page_id=3152"},"modified":"2018-09-12T11:31:12","modified_gmt":"2018-09-12T10:31:12","slug":"flaka-haliti-artistet","status":"publish","type":"page","link":"https:\/\/cod.al\/?page_id=3152","title":{"rendered":"Flaka Haliti (Artistet)"},"content":{"rendered":"<p>[vc_row][vc_column width=&#8221;1\/4&#8243;][vc_column_text]<img fetchpriority=\"high\" decoding=\"async\" class=\"size-large wp-image-2620 alignleft\" src=\"http:\/\/cod.al\/wp-content\/uploads\/2016\/11\/Flaka-Haliti-406x1024.jpg\" alt=\"Flaka-Haliti\" width=\"406\" height=\"1024\" srcset=\"https:\/\/cod.al\/wp-content\/uploads\/2016\/11\/Flaka-Haliti-406x1024.jpg 406w, https:\/\/cod.al\/wp-content\/uploads\/2016\/11\/Flaka-Haliti-119x300.jpg 119w, https:\/\/cod.al\/wp-content\/uploads\/2016\/11\/Flaka-Haliti.jpg 531w\" sizes=\"(max-width: 406px) 100vw, 406px\" \/>[\/vc_column_text][vc_column_text]<strong>\u201cDuke q\u00ebndruar pezull\u201d<br \/>\n<\/strong><em>\u00a0Perde m\u00ebndafshi<br \/>\n<\/em><em>(Perde n\u00eb m\u00ebndafsh me reflekse ngjyr\u00eb gri, t\u00eb verdh\u00eb dhe t\u00eb bardh\u00eb, 200X650 cm\u00a0<\/em><em>Kortezi e artistes)<\/em>[\/vc_column_text][\/vc_column][vc_column width=&#8221;3\/4&#8243;][vc_column_text]<\/p>\n<p>&nbsp;<\/p>\n<p>Consciously, because of the simplicity of the work itself, it is reduced to the title and in its representative aesthetic form. As such, it carries the lack of transparency.<\/p>\n<p><strong>Flaka Haliti<\/strong> (born in 1982 in Prishtina, Kosovo) lives in Munich and Florence. Haliti studied at the University of Prishtina and St\u00e4delschule, Frankfurt \/ M, and currently is working on her PhD at the Vienna Academy of Fine Arts. Her artistic practice is based on conceptual ideas and is linked to its critical analysis of the media and society; in her clear European perspective. Halit&#8217;s work is presented in places like MUMOK, Vienna; Kunsthalle Vienna, Vienna; Lenbachhaus and Kunstbau M\u00fcnchen; 6 Moscow Biennale, Moscow; Galerie f\u00fcr Kunst Zeitgen\u00f6ssische, Leipzig; Kunstverein Salzburg; Kosovo Art Gallery, Pristina; ZKM, Karlsruhe; Haus der Kulturen der Welt, Berlin; and Portico, Frankfurt on Mein. In 2015, she represented Kosovo at the 56th Venice Biennale. She is the winner of the Villa Romana 2016 Prize, Ars Viva 2016, Muslim Mulliqi 2014 Prize, Henkel Art 2013, 54 &#8211; Salon October 2013 and Agriculture and Bank 2009.[\/vc_column_text][\/vc_column][\/vc_row]<\/p>\n","protected":false},"excerpt":{"rendered":"<p>[vc_row][vc_column width=&#8221;1\/4&#8243;][vc_column_text][\/vc_column_text][vc_column_text]\u201cDuke q\u00ebndruar pezull\u201d \u00a0Perde m\u00ebndafshi (Perde n\u00eb m\u00ebndafsh me reflekse ngjyr\u00eb gri, t\u00eb verdh\u00eb dhe t\u00eb bardh\u00eb, 200X650 cm\u00a0Kortezi e artistes)[\/vc_column_text][\/vc_column][vc_column width=&#8221;3\/4&#8243;][vc_column_text] &nbsp; Consciously, because of the simplicity of the work itself, it is reduced to the title and<\/p>\n","protected":false},"author":5,"featured_media":0,"parent":0,"menu_order":0,"comment_status":"closed","ping_status":"closed","template":"","meta":{"footnotes":""},"class_list":["post-3152","page","type-page","status-publish","hentry"],"_links":{"self":[{"href":"https:\/\/cod.al\/index.php?rest_route=\/wp\/v2\/pages\/3152","targetHints":{"allow":["GET"]}}],"collection":[{"href":"https:\/\/cod.al\/index.php?rest_route=\/wp\/v2\/pages"}],"about":[{"href":"https:\/\/cod.al\/index.php?rest_route=\/wp\/v2\/types\/page"}],"author":[{"embeddable":true,"href":"https:\/\/cod.al\/index.php?rest_route=\/wp\/v2\/users\/5"}],"replies":[{"embeddable":true,"href":"https:\/\/cod.al\/index.php?rest_route=%2Fwp%2Fv2%2Fcomments&post=3152"}],"version-history":[{"count":7,"href":"https:\/\/cod.al\/index.php?rest_route=\/wp\/v2\/pages\/3152\/revisions"}],"predecessor-version":[{"id":4825,"href":"https:\/\/cod.al\/index.php?rest_route=\/wp\/v2\/pages\/3152\/revisions\/4825"}],"wp:attachment":[{"href":"https:\/\/cod.al\/index.php?rest_route=%2Fwp%2Fv2%2Fmedia&parent=3152"}],"curies":[{"name":"wp","href":"https:\/\/api.w.org\/{rel}","templated":true}]}}

<p>[vc_row][vc_column width=&#8221;1/4&#8243;][vc_column_text]<img fetchpriority="high" decoding="async" class="size-large wp-image-2620 alignleft" src="http://cod.al/wp-content/uploads/2016/11/Flaka-Haliti-406x1024.jpg" alt="Flaka-Haliti" width="406" height="1024" srcset="https://cod.al/wp-content/uploads/2016/11/Flaka-Haliti-406x1024.jpg 406w, https://cod.al/wp-content/uploads/2016/11/Flaka-Haliti-119x300.jpg 119w, https://cod.al/wp-content/uploads/2016/11/Flaka-Haliti.jpg 531w" sizes="(max-width: 406px) 100vw, 406px" />[/vc_column_text][vc_column_text]<strong>“Duke qëndruar pezull”<br />
</strong><em> Perde mëndafshi<br />
</em><em>(Perde në mëndafsh me reflekse ngjyrë gri, të verdhë dhe të bardhë, 200X650 cm </em><em>Kortezi e artistes)</em>[/vc_column_text][/vc_column][vc_column width=&#8221;3/4&#8243;][vc_column_text]</p>
<p>&nbsp;</p>
<p>Consciously, because of the simplicity of the work itself, it is reduced to the title and in its representative aesthetic form. As such, it carries the lack of transparency.</p>
<p><strong>Flaka Haliti</strong> (born in 1982 in Prishtina, Kosovo) lives in Munich and Florence. Haliti studied at the University of Prishtina and Städelschule, Frankfurt / M, and currently is working on her PhD at the Vienna Academy of Fine Arts. Her artistic practice is based on conceptual ideas and is linked to its critical analysis of the media and society; in her clear European perspective. Halit&#8217;s work is presented in places like MUMOK, Vienna; Kunsthalle Vienna, Vienna; Lenbachhaus and Kunstbau München; 6 Moscow Biennale, Moscow; Galerie für Kunst Zeitgenössische, Leipzig; Kunstverein Salzburg; Kosovo Art Gallery, Pristina; ZKM, Karlsruhe; Haus der Kulturen der Welt, Berlin; and Portico, Frankfurt on Mein. In 2015, she represented Kosovo at the 56th Venice Biennale. She is the winner of the Villa Romana 2016 Prize, Ars Viva 2016, Muslim Mulliqi 2014 Prize, Henkel Art 2013, 54 &#8211; Salon October 2013 and Agriculture and Bank 2009.[/vc_column_text][/vc_column][/vc_row]</p>

<p>[vc_row][vc_column width=&#8221;1/4&#8243;][vc_column_text][/vc_column_text][vc_column_text]“Duke qëndruar pezull”  Perde mëndafshi (Perde në mëndafsh me reflekse ngjyrë gri, të verdhë dhe të bardhë, 200X650 cm Kortezi e artistes)[/vc_column_text][/vc_column][vc_column width=&#8221;3/4&#8243;][vc_column_text] &nbsp; Consciously, because of the simplicity of the work itself, it is reduced to the title and</p>
