{"id":19,"date":"2015-06-17T09:12:07","date_gmt":"2015-06-17T09:12:07","guid":{"rendered":"http:\/\/cod.al\/?page_id=19"},"modified":"2024-05-15T09:48:21","modified_gmt":"2024-05-15T07:48:21","slug":"artistet","status":"publish","type":"page","link":"https:\/\/cod.al\/?page_id=19","title":{"rendered":"Artist\u00ebt"},"content":{"rendered":"<p>[vc_row][vc_column][vc_column_text]<\/p>\n<h2>ARTIST\u00cb T\u00cb SEZONIT<\/h2>\n<p>[\/vc_column_text][\/vc_column][\/vc_row][vc_row el_class=&#8221;artistet&#8221;][vc_column width=&#8221;1\/4&#8243;][vc_column_text css_animation=&#8221;appear&#8221;]<a href=\"http:\/\/cod.al\/?page_id=558\"><img fetchpriority=\"high\" decoding=\"async\" class=\"aligncenter size-full wp-image-1445\" src=\"http:\/\/cod.al\/wp-content\/uploads\/2015\/06\/Carsten-Holler-web-ok.jpg\" alt=\"Carsten-Holler-web-ok\" width=\"331\" height=\"503\" srcset=\"https:\/\/cod.al\/wp-content\/uploads\/2015\/06\/Carsten-Holler-web-ok.jpg 331w, https:\/\/cod.al\/wp-content\/uploads\/2015\/06\/Carsten-Holler-web-ok-197x300.jpg 197w\" sizes=\"(max-width: 331px) 100vw, 331px\" \/><\/a>[\/vc_column_text][vc_column_text css_animation=&#8221;appear&#8221;]<a href=\"http:\/\/cod.al\/?page_id=2096\"><img decoding=\"async\" class=\"aligncenter size-full wp-image-3299\" src=\"http:\/\/cod.al\/wp-content\/uploads\/2017\/06\/Alban-Muja.jpg\" alt=\"Alban-Muja\" width=\"662\" height=\"1006\" srcset=\"https:\/\/cod.al\/wp-content\/uploads\/2017\/06\/Alban-Muja.jpg 662w, https:\/\/cod.al\/wp-content\/uploads\/2017\/06\/Alban-Muja-197x300.jpg 197w\" sizes=\"(max-width: 662px) 100vw, 662px\" \/><\/a>[\/vc_column_text][vc_column_text css_animation=&#8221;appear&#8221;]<a href=\"http:\/\/cod.al\/?page_id=2634\"><img decoding=\"async\" class=\"aligncenter size-full wp-image-3156\" src=\"http:\/\/cod.al\/wp-content\/uploads\/2015\/06\/Peter-Kogler_cvr.jpg\" alt=\"Peter-Kogler_cvr\" width=\"662\" height=\"1006\" srcset=\"https:\/\/cod.al\/wp-content\/uploads\/2015\/06\/Peter-Kogler_cvr.jpg 662w, https:\/\/cod.al\/wp-content\/uploads\/2015\/06\/Peter-Kogler_cvr-197x300.jpg 197w\" sizes=\"(max-width: 662px) 100vw, 662px\" \/><\/a>[\/vc_column_text][vc_column_text css_animation=&#8221;appear&#8221;]<a href=\"http:\/\/cod.al\/?page_id=3446\"><img loading=\"lazy\" decoding=\"async\" class=\"aligncenter size-full wp-image-3445\" src=\"http:\/\/cod.al\/wp-content\/uploads\/2015\/06\/Mia-Enell.jpg\" alt=\"Mia-Enell\" width=\"662\" height=\"1006\" srcset=\"https:\/\/cod.al\/wp-content\/uploads\/2015\/06\/Mia-Enell.jpg 662w, https:\/\/cod.al\/wp-content\/uploads\/2015\/06\/Mia-Enell-197x300.jpg 197w\" sizes=\"(max-width: 662px) 100vw, 662px\" \/><\/a>[\/vc_column_text][vc_column_text css_animation=&#8221;appear&#8221;]<a href=\"http:\/\/cod.al\/?page_id=5852\"><img loading=\"lazy\" decoding=\"async\" class=\"wp-image-5856 aligncenter\" src=\"http:\/\/cod.al\/wp-content\/uploads\/2015\/06\/Perino-Vele-197x300.jpg\" alt=\"\" width=\"671\" height=\"1027\" \/><\/a>[\/vc_column_text][\/vc_column][vc_column width=&#8221;1\/4&#8243;][vc_column_text css_animation=&#8221;appear&#8221;]<a href=\"http:\/\/cod.al\/?page_id=649\"><img loading=\"lazy\" decoding=\"async\" class=\"aligncenter size-full wp-image-1447\" src=\"http:\/\/cod.al\/wp-content\/uploads\/2015\/06\/thomas_demand-web-ok.jpg\" alt=\"thomas_demand-web-ok\" width=\"331\" height=\"503\" srcset=\"https:\/\/cod.al\/wp-content\/uploads\/2015\/06\/thomas_demand-web-ok.jpg 331w, https:\/\/cod.al\/wp-content\/uploads\/2015\/06\/thomas_demand-web-ok-197x300.jpg 197w\" sizes=\"(max-width: 331px) 100vw, 331px\" \/><\/a>[\/vc_column_text][vc_column_text css_animation=&#8221;appear&#8221;]<a href=\"http:\/\/cod.al\/?page_id=2094\"><img loading=\"lazy\" decoding=\"async\" class=\"aligncenter size-full wp-image-3300\" src=\"http:\/\/cod.al\/wp-content\/uploads\/2017\/06\/Olson-Lamaj.jpg\" alt=\"Olson-Lamaj\" width=\"662\" height=\"1006\" srcset=\"https:\/\/cod.al\/wp-content\/uploads\/2017\/06\/Olson-Lamaj.jpg 662w, https:\/\/cod.al\/wp-content\/uploads\/2017\/06\/Olson-Lamaj-197x300.jpg 197w\" sizes=\"(max-width: 662px) 100vw, 662px\" \/><\/a>[\/vc_column_text][vc_column_text css_animation=&#8221;appear&#8221;]<a href=\"http:\/\/cod.al\/?page_id=3163\"><img loading=\"lazy\" decoding=\"async\" class=\"aligncenter size-full wp-image-3157\" src=\"http:\/\/cod.al\/wp-content\/uploads\/2015\/06\/Vigan-Nimani_cvr.jpg\" alt=\"Vigan-Nimani_cvr\" width=\"662\" height=\"1006\" srcset=\"https:\/\/cod.al\/wp-content\/uploads\/2015\/06\/Vigan-Nimani_cvr.jpg 662w, https:\/\/cod.al\/wp-content\/uploads\/2015\/06\/Vigan-Nimani_cvr-197x300.jpg 197w\" sizes=\"(max-width: 662px) 100vw, 662px\" \/><\/a>[\/vc_column_text][vc_column_text css_animation=&#8221;appear&#8221;]<a href=\"http:\/\/cod.al\/?page_id=3681\"><img loading=\"lazy\" decoding=\"async\" class=\"aligncenter wp-image-3683 size-large\" src=\"http:\/\/cod.al\/wp-content\/uploads\/2018\/04\/Ornela-Vorpsi-674x1024.png\" alt=\"\" width=\"674\" height=\"1024\" srcset=\"https:\/\/cod.al\/wp-content\/uploads\/2018\/04\/Ornela-Vorpsi-674x1024.png 674w, https:\/\/cod.al\/wp-content\/uploads\/2018\/04\/Ornela-Vorpsi-197x300.png 197w, https:\/\/cod.al\/wp-content\/uploads\/2018\/04\/Ornela-Vorpsi.png 993w\" sizes=\"(max-width: 674px) 100vw, 674px\" \/><\/a>[\/vc_column_text][\/vc_column][vc_column width=&#8221;1\/4&#8243;][vc_column_text css_animation=&#8221;appear&#8221;]<a href=\"http:\/\/cod.al\/?page_id=647\"><img loading=\"lazy\" decoding=\"async\" class=\"aligncenter size-full wp-image-1446\" src=\"http:\/\/cod.al\/wp-content\/uploads\/2015\/06\/philippe-web-ok.jpg\" alt=\"philippe-web-ok\" width=\"331\" height=\"503\" srcset=\"https:\/\/cod.al\/wp-content\/uploads\/2015\/06\/philippe-web-ok.jpg 331w, https:\/\/cod.al\/wp-content\/uploads\/2015\/06\/philippe-web-ok-197x300.jpg 197w\" sizes=\"(max-width: 331px) 100vw, 331px\" \/><\/a>[\/vc_column_text][vc_column_text css_animation=&#8221;appear&#8221;]<a href=\"http:\/\/cod.al\/?page_id=3152\"><img loading=\"lazy\" decoding=\"async\" class=\"aligncenter size-full wp-image-3154\" src=\"http:\/\/cod.al\/wp-content\/uploads\/2015\/06\/Flaka-Haliti_cvr.jpg\" alt=\"Flaka-Haliti_cvr\" width=\"662\" height=\"1006\" srcset=\"https:\/\/cod.al\/wp-content\/uploads\/2015\/06\/Flaka-Haliti_cvr.jpg 662w, https:\/\/cod.al\/wp-content\/uploads\/2015\/06\/Flaka-Haliti_cvr-197x300.jpg 197w\" sizes=\"(max-width: 662px) 100vw, 662px\" \/><\/a>[\/vc_column_text][vc_column_text css_animation=&#8221;appear&#8221;]<a href=\"http:\/\/cod.al\/?page_id=2589\"><img loading=\"lazy\" decoding=\"async\" class=\"aligncenter size-full wp-image-3237\" src=\"http:\/\/cod.al\/wp-content\/uploads\/2015\/06\/Laurent-Mareschal.jpg\" alt=\"Laurent-Mareschal\" width=\"662\" height=\"1006\" srcset=\"https:\/\/cod.al\/wp-content\/uploads\/2015\/06\/Laurent-Mareschal.jpg 662w, https:\/\/cod.al\/wp-content\/uploads\/2015\/06\/Laurent-Mareschal-197x300.jpg 197w\" sizes=\"(max-width: 662px) 100vw, 662px\" \/><\/a>[\/vc_column_text][vc_column_text css_animation=&#8221;appear&#8221;]<a href=\"http:\/\/cod.al\/?page_id=5861\"><img loading=\"lazy\" decoding=\"async\" class=\"wp-image-5859 aligncenter\" src=\"http:\/\/cod.al\/wp-content\/uploads\/2015\/06\/Untitled-2-197x300.jpg\" alt=\"Untitled-2\" width=\"563\" height=\"862\" \/><\/a>[\/vc_column_text][\/vc_column][vc_column width=&#8221;1\/4&#8243;][vc_column_text css_animation=&#8221;appear&#8221;]<a href=\"http:\/\/cod.al\/?page_id=1485\"><img loading=\"lazy\" decoding=\"async\" class=\"aligncenter wp-image-1486 size-full\" src=\"http:\/\/cod.al\/wp-content\/uploads\/2015\/06\/Edi-Hila-ok1.jpg\" alt=\"\" width=\"331\" height=\"503\" srcset=\"https:\/\/cod.al\/wp-content\/uploads\/2015\/06\/Edi-Hila-ok1.jpg 331w, https:\/\/cod.al\/wp-content\/uploads\/2015\/06\/Edi-Hila-ok1-197x300.jpg 197w\" sizes=\"(max-width: 331px) 100vw, 331px\" \/><\/a>[\/vc_column_text][vc_column_text css_animation=&#8221;appear&#8221;]<a href=\"http:\/\/cod.al\/?page_id=2629\"><img loading=\"lazy\" decoding=\"async\" class=\"aligncenter size-full wp-image-3155\" src=\"http:\/\/cod.al\/wp-content\/uploads\/2015\/06\/Nathan-Coley_cvr.jpg\" alt=\"Nathan-Coley_cvr\" width=\"662\" height=\"1006\" srcset=\"https:\/\/cod.al\/wp-content\/uploads\/2015\/06\/Nathan-Coley_cvr.jpg 662w, https:\/\/cod.al\/wp-content\/uploads\/2015\/06\/Nathan-Coley_cvr-197x300.jpg 197w\" sizes=\"(max-width: 662px) 100vw, 662px\" \/><\/a>[\/vc_column_text][vc_column_text css_animation=&#8221;appear&#8221;]<a href=\"http:\/\/cod.al\/?page_id=3215\"><img loading=\"lazy\" decoding=\"async\" class=\"aligncenter size-full wp-image-3222\" src=\"http:\/\/cod.al\/wp-content\/uploads\/2015\/06\/Pjerin-Kolnikaj.jpg\" alt=\"Pjerin-Kolnikaj\" width=\"662\" height=\"1006\" srcset=\"https:\/\/cod.al\/wp-content\/uploads\/2015\/06\/Pjerin-Kolnikaj.jpg 662w, https:\/\/cod.al\/wp-content\/uploads\/2015\/06\/Pjerin-Kolnikaj-197x300.jpg 197w\" sizes=\"(max-width: 662px) 100vw, 662px\" \/><\/a>[\/vc_column_text][vc_column_text css_animation=&#8221;appear&#8221;]<a href=\"http:\/\/cod.al\/?page_id=5864\"><img loading=\"lazy\" decoding=\"async\" class=\" wp-image-5858 aligncenter\" src=\"http:\/\/cod.al\/wp-content\/uploads\/2015\/06\/Untitled-1-197x300.jpg\" alt=\"Untitled-1\" width=\"539\" height=\"821\" \/><\/a>[\/vc_column_text][\/vc_column][\/vc_row][vc_row][vc_column][vc_column_text]<\/p>\n<h2>KURATOR\u00cb<\/h2>\n<p>[\/vc_column_text][\/vc_column][\/vc_row][vc_row][vc_column width=&#8221;1\/3&#8243;][vc_toggle title=&#8221;Zef Paci&#8221; el_id=&#8221;1496024366019-9d134d7b-3615&#8243;][\/vc_toggle][vc_toggle title=&#8221;Luka Mjeda&#8221; el_id=&#8221;1496024366058-a90e4a28-1ac8&#8243;][\/vc_toggle][vc_toggle title=&#8221;Eleana Zikou&#8221; el_id=&#8221;1571311035349-4af65709-7f9d&#8221;][\/vc_toggle][\/vc_column][vc_column width=&#8221;1\/3&#8243;][vc_toggle title=&#8221;Dhurata Thanasi&#8221; el_id=&#8221;1496024366179-2ba67f93-c46a&#8221;]<span style=\"font-weight: 400;\">Dhurata Thanasi Daneri \u00a0\u00ebsht\u00eb diplomuar n\u00eb Gjuh\u00eb dhe Let\u00ebrsi Shqipe n\u00eb Universitetin e Tiran\u00ebs , si dhe n\u00eb deg\u00ebn e \u00a0Inxhinieris\u00eb Agro-Mjedisore pran\u00eb Universitetit Bujq\u00ebsor t\u00eb Tiran\u00ebs. Ajo zot\u00ebron \u00a0nj\u00eb Master n\u00eb Politikat Publike dhe Administrimit t\u00eb Universitetit t\u00eb Evrop\u00ebs Qendrore n\u00eb Budapest (CEU), si dhe ka marr\u00eb kryer studime pas universitare n\u00eb Universitetin e Harvardit, &#8220;Kennedy School of Government&#8221;.<\/span><\/p>\n<p><span style=\"font-weight: 400;\">Ajo aktualisht punon si eksperte n\u00eb zhvillimin e qeverisjes lokale n\u00eb zonat rurale dhe ka p\u00ebrvoj\u00eb pune \u00a0gati 15 vje\u00e7are me Agjensit\u00eb e OKB-s\u00eb si UNDP, UNOPS-it , WHO d, si dhe Fondacionin SOROS, Maqedoni, Shqip\u00ebri, Serbi, Kosov\u00eb, Itali, Azi dhe Afrik\u00ebn e Veriut.<\/span><\/p>\n<p><span style=\"font-weight: 400;\">Zonja Thanasi \u00ebsht\u00eb e apasionuar pas fotografis\u00eb, nj\u00eb pasion i lindur gjat\u00eb pun\u00ebs s\u00eb saj me misione humanitare n\u00eb zonat e konflikteve etnike dhe varf\u00ebri t\u00eb skajshme.<\/span><\/p>\n<p>[\/vc_toggle][vc_toggle title=&#8221;Erzen Shkololli&#8221; el_id=&#8221;1496024366221-fd12ff74-d4d3&#8243;]Erzen Shkololli is an artist and curator. Director of the Foundation &#8220;I Do Kosovo&#8221; in Prishtina, Kosovo. Also, curatorial adviser for documents 14.<\/p>\n<p>He was director of the National Gallery of Kosovo from 2011 to 2015. In 2013, Shkololli was commissioner of the first presentation of the Republic of Kosovo in the 55th edition of the Venice Biennale.<\/p>\n<p>From 2003 to 2007 he held the position of artistic director at the Contemporary Art Institute EXIT in Peja, an exchange initiative in Kosovo, which transformed the local cultural scene.<\/p>\n<p>His artistic practice uses local rituals and folklore to draw attention to specific socio-political situations and is internationally exhibited in museums, such as Van Abbemuseum, Eindhoven; Center Pompidou, Paris, and Fridericianum, Kassel.<\/p>\n<p>Shkololli organized the Contact Art Exhibition titled &#8220;Thirty One&#8221; (Thirty One) curated by Hans Ulrich Obrist and Petrit Halilaj at the National Gallery of Kosovo (2015). He was curator of &#8220;Thirty Years After: \u0160ejla Kameri\u0107&#8221; (2015), &#8220;Sokol Beqiri: Retrospective&#8221; (2014), &#8220;Simon Shiroka: Retrospective&#8221; at the National Gallery in Tirana (2014) and at the National Gallery of Kosovo (2013); co-curator of &#8220;Angel Engagement &#8211; Befre: Retrospective&#8221; (2013) and &#8220;Graphics&#8221; exhibition from the CCC collection (2013).<\/p>\n<p>From 2008 to 2009 he was the beneficiary of the DAAD Scholarship for Artists in Residency. Since 2003 he is a member of the European Parliament of Culture. He lives and works in Prishtina.[\/vc_toggle][vc_toggle title=&#8221;Vladimir Myrtezai&#8221; el_id=&#8221;1571311055674-a5de61a2-f0f4&#8243;][\/vc_toggle][\/vc_column][vc_column width=&#8221;1\/3&#8243;][vc_toggle title=&#8221;Alketa Misja&#8221; el_id=&#8221;1496024366350-b808a98d-f486&#8243;]<b>Alketa Misja<\/b><span style=\"font-weight: 400;\"> ka lindur n\u00eb Tiran\u00eb 1971. Ajo \u00ebsht\u00eb diplomuar si arkitekte urbaniste n\u00eb Universitetin Politeknik t\u00eb Tiran\u00ebs, Fakulteti Inxhinieris\u00eb s\u00eb Nd\u00ebrtimit Tiran\u00eb, n\u00eb vitin 1995. \u00a0Nga viti 1995 deri 2007 ka punuar si petagoge e brend\u00ebshme pran\u00eb Departamentit t\u00eb Arkitektur\u00ebs dhe Urbanistik\u00ebs n\u00eb l\u00ebnd\u00ebt e Planifikimit Urban, si dhe petagoge e jashtme n\u00eb l\u00ebnd\u00ebn e Organizimit Territorial n\u00eb Fakultetin e Ekonomis\u00eb dhe t\u00eb Gjeografis\u00eb, Universiteti i Tiran\u00ebs. \u00a0Ka kryer studime pasuniversitare n\u00eb Roterdam, Oxford, n\u00eb fush\u00ebn e planifikimit dhe menaxhimit urban dhe Master Menaxhim Biznesi (MBA) pran\u00eb Fakultetit t\u00eb Ekonomis\u00eb, Tiran\u00eb. Alketa filloi t\u00eb interesohej p\u00ebr fotografin\u00eb n\u00eb vitin 2008, me fotografin\u00eb e arkitektur\u00ebs dhe fotografin\u00eb urbane. Ka kryer studime mbi fotografin\u00eb profesionale nw Institutin e Fotografisw nw New York dhe \u00ebsht\u00eb vler\u00ebsuar me cmime fotografike nd\u00ebrkomb\u00ebtare. \u00a0<\/span>[\/vc_toggle][vc_toggle title=&#8221;Genti Gjikola&#8221; el_id=&#8221;1515403191604-fa38385b-c990&#8243;]<strong>Genti Gjikola<\/strong>\u00a0u diplomua n\u00eb Universitetin e Tiran\u00ebs p\u00ebr Gjeografi dhe Histori (1996), studioi Arkitektur\u00eb Interieri n\u00eb Universitetin Oxford Brookes, n\u00eb Angli (2008) dhe zot\u00ebron nj\u00eb master nga \u00a0Universiteti College London n\u00eb Angli, p\u00ebr Histori Arkitekturore (2010). Q\u00eb nga viti 2008, drejton sektorin e ekspozitave n\u00eb Galerin\u00eb Komb\u00ebtare n\u00eb Arteve n\u00eb Tiran\u00eb, ku ka instaluar, bashk\u00ebkuruar dhe mbik\u00ebqyrur nj\u00eb num\u00ebr t\u00eb madh ekspozitash. Veprat e tij artistike jan\u00eb paraqitur n\u00eb Bienalen e 52<sup>-t\u00eb<\/sup>\u00a0t\u00eb Venecias, n\u00eb 2007, pjes\u00eb e pavijonit t\u00eb Shqip\u00ebris\u00eb.[\/vc_toggle][vc_toggle title=&#8221;Gaetano Centrone&#8221; el_id=&#8221;1571311075870-42ea598e-680e&#8221;][\/vc_toggle][\/vc_column][\/vc_row][vc_row][vc_column][vc_column_text]<\/p>\n<h2>EKSPOZITA\/PREZANTIME FOTOGRAFIKE<\/h2>\n<p>[\/vc_column_text][\/vc_column][\/vc_row][vc_row][vc_column width=&#8221;1\/3&#8243;][vc_toggle title=&#8221;Roland Tasho&#8221; el_id=&#8221;1496024583994-cf6f8dfb-2104&#8243;][\/vc_toggle][\/vc_column][vc_column width=&#8221;1\/3&#8243;][vc_toggle title=&#8221;Virginie Caquot&#8221; el_id=&#8221;1496024584143-9953cc2a-b435&#8243;]Virginie Caquot is an independent French photographer from northern France, graduated in Humanities. First a teacher, she then moved to photography, which she had been practicing for more than 20 years. After three years in Brazil (2012 \u2013 2015), she currently lives and works in Tirana, Albania.[\/vc_toggle][\/vc_column][vc_column width=&#8221;1\/3&#8243;][vc_toggle title=&#8221;Tami Notsani&#8221; el_id=&#8221;1496024584286-51b78652-44d0&#8243;]E lindur n\u00eb Haifa m\u00eb 1972, Tami Notsani jeton e punon n\u00eb Paris dhe Izrael. Ajo u diplomua nga Fresnoy n\u00eb Turcoing dhe n\u00eb Akademin\u00eb e Arteve t\u00eb Bukura Bezalel n\u00eb Jeruzalem. Artistja ekspozon rregullisht n\u00eb Franc\u00eb dhe jasht\u00eb saj. Ekspozitat e fundit jan\u00eb shfaqur n\u00eb Mamco &#8211; Gjenev\u00eb, Nuit blanche &#8211; Paris, MNHA, Luksemburg, Muzeu i Artit Ashdod &#8211; Izrael, MUCEM &#8211; Marsej\u00eb 2013. Notsani ka marr\u00eb pjes\u00eb n\u00eb disa rezidenca artist\u00ebsh dhe \u00ebsht\u00eb nderuar me \u00e7mime t\u00eb shumta. Puna e saj \u00ebsht\u00eb pjes\u00eb e disa koleksioneve n\u00eb Europ\u00eb, SHBA dhe Izrael.<\/p>\n<p><span style=\"font-weight: 400;\">Praktika e artit tim fotografik \u00ebsht\u00eb e rr\u00ebnjosur n\u00eb portrete dhe peizazhe. Duke zbuluar marr\u00ebdh\u00ebnien mes identitetit, kultur\u00ebs, territorit dhe vendit, m\u00eb s\u00eb shumti dokumentoj imazhe nga ngjarjet, p\u00ebrvojat dhe pasazhet e jet\u00ebs.<\/span><\/p>\n<p><span style=\"font-weight: 400;\">Qofshin vende t\u00eb njohura apo familjare, t\u00eb frym\u00ebzuara nga njer\u00ebzit dhe ajo q\u00eb i rrethon, arrij ta kuptoj menj\u00ebher\u00eb, ndaj shum\u00eb nga projektet e mia ndjekin transformimin e subjektit p\u00ebr nj\u00eb periudh\u00eb t\u00eb gjat\u00eb\u00a0<\/span><span style=\"font-weight: 400;\">kohe. Eksplorimi i imazhit fotografik, fotografimi dhe p\u00ebrs\u00ebri fotografimi i t\u00eb nj\u00ebjtit subjekt\u00a0<\/span><span style=\"font-weight: 400;\">her\u00eb pas here, zbulon nj\u00eb gjendje themelore njer\u00ebzore n\u00eb nj\u00eb shoq\u00ebri gjithnj\u00eb n\u00eb ndryshim.<\/span><\/p>\n<p><span style=\"font-weight: 400;\">\u00a0<\/span><span style=\"font-weight: 400;\">Duke filluar nga pamjet arkivore t\u00eb dit\u00ebve t\u00eb shkuara ose nga fotografit\u00eb tradicionale\u00a0<\/span><span style=\"font-weight: 400;\">dhe filmi, te mediat e sotme digjitale dhe aplikacionet e tyre t\u00eb ndryshme sociale,\u00a0<\/span><span style=\"font-weight: 400;\">aksesi i publikut gjithashtu, pyes veten se si ne i shk\u00ebmbejm\u00eb, i publikojm\u00eb dhe i ndajm\u00eb imazhet personale n\u00eb lidhje me hap\u00ebsir\u00ebn publike e private, dhe se si ndikon kjo n\u00eb m\u00ebnyrat se si i\u00a0<\/span><span style=\"font-weight: 400;\">p\u00ebrcjellim imazhet rreth asaj se kush jemi dhe prej nga kemi ardhur.<\/span>Punimet e mia t\u00eb fundit shfaqin performanca pjes\u00ebmarr\u00ebse dhe instalacione, ku spektator\u00ebt b\u00ebhen pjes\u00eb aktive n\u00eb zhvillimin e projektit.[\/vc_toggle][\/vc_column][\/vc_row][vc_row][vc_column][vc_column_text]<\/p>\n<h2>ARTIST\u00cb T\u00cb TJER\u00cb<\/h2>\n<p>[\/vc_column_text][\/vc_column][\/vc_row][vc_row][vc_column width=&#8221;1\/3&#8243;][vc_toggle title=&#8221;Helidon Haliti&#8221; el_id=&#8221;1496023952466-8fc741fb-a1c0&#8243;][\/vc_toggle][vc_toggle title=&#8221;Atanur Dogan&#8221; el_id=&#8221;1496024148110-b2f89921-a07a&#8221;][\/vc_toggle][vc_toggle title=&#8221;Ben Kamili&#8221; el_id=&#8221;1496024235835-b8f34629-20fa&#8221;][\/vc_toggle][vc_toggle title=&#8221;La Fe&#8221; el_id=&#8221;1496024152118-7c7bccff-f08b&#8221;][\/vc_toggle][vc_toggle title=&#8221;Olga Litvinenko&#8221; el_id=&#8221;1496134356110-556648fc-1daf&#8221;][\/vc_toggle][\/vc_column][vc_column width=&#8221;1\/3&#8243;][vc_toggle title=&#8221;Krasimir Todorov&#8221; el_id=&#8221;1496024062372-fca8e720-1841&#8243;][\/vc_toggle][vc_toggle title=&#8221;You Mee Park&#8221; el_id=&#8221;1496024149591-17b876aa-09ef&#8221;][\/vc_toggle][vc_toggle title=&#8221;Irma Nika&#8221; el_id=&#8221;1496024237519-12fbea3a-4e2a&#8221;][\/vc_toggle][vc_toggle title=&#8221;Amit Kapoor&#8221; el_id=&#8221;1496024120881-d5cd5ac1-8b8a&#8221;][\/vc_toggle][vc_toggle title=&#8221;Selma Todorova&#8221; el_id=&#8221;1496134374913-8547effa-37a2&#8243;][\/vc_toggle][\/vc_column][vc_column width=&#8221;1\/3&#8243;][vc_toggle title=&#8221;Liu Yi&#8221; el_id=&#8221;1496024100093-d263a66a-589f&#8221;][\/vc_toggle][vc_toggle title=&#8221;Igli Arapi&#8221; el_id=&#8221;1496024150797-4e817dfc-2125&#8243;][\/vc_toggle][vc_toggle title=&#8221;Besnik Xhemaili&#8221; el_id=&#8221;1496024238921-ae2a3b67-4d36&#8243;][\/vc_toggle][vc_toggle title=&#8221;Oltsen Gripshi&#8221; el_id=&#8221;1496134320230-a5836a1e-4b2d&#8221;][\/vc_toggle][\/vc_column][\/vc_row]<\/p>\n","protected":false},"excerpt":{"rendered":"<p>[vc_row][vc_column][vc_column_text] ARTIST\u00cb T\u00cb SEZONIT [\/vc_column_text][\/vc_column][\/vc_row][vc_row el_class=&#8221;artistet&#8221;][vc_column width=&#8221;1\/4&#8243;][vc_column_text css_animation=&#8221;appear&#8221;][\/vc_column_text][vc_column_text css_animation=&#8221;appear&#8221;][\/vc_column_text][vc_column_text css_animation=&#8221;appear&#8221;][\/vc_column_text][vc_column_text css_animation=&#8221;appear&#8221;][\/vc_column_text][vc_column_text css_animation=&#8221;appear&#8221;][\/vc_column_text][\/vc_column][vc_column width=&#8221;1\/4&#8243;][vc_column_text css_animation=&#8221;appear&#8221;][\/vc_column_text][vc_column_text css_animation=&#8221;appear&#8221;][\/vc_column_text][vc_column_text css_animation=&#8221;appear&#8221;][\/vc_column_text][vc_column_text css_animation=&#8221;appear&#8221;][\/vc_column_text][\/vc_column][vc_column width=&#8221;1\/4&#8243;][vc_column_text css_animation=&#8221;appear&#8221;][\/vc_column_text][vc_column_text css_animation=&#8221;appear&#8221;][\/vc_column_text][vc_column_text css_animation=&#8221;appear&#8221;][\/vc_column_text][vc_column_text css_animation=&#8221;appear&#8221;][\/vc_column_text][\/vc_column][vc_column width=&#8221;1\/4&#8243;][vc_column_text css_animation=&#8221;appear&#8221;][\/vc_column_text][vc_column_text css_animation=&#8221;appear&#8221;][\/vc_column_text][vc_column_text css_animation=&#8221;appear&#8221;][\/vc_column_text][vc_column_text css_animation=&#8221;appear&#8221;][\/vc_column_text][\/vc_column][\/vc_row][vc_row][vc_column][vc_column_text] KURATOR\u00cb [\/vc_column_text][\/vc_column][\/vc_row][vc_row][vc_column width=&#8221;1\/3&#8243;][vc_toggle title=&#8221;Zef Paci&#8221; el_id=&#8221;1496024366019-9d134d7b-3615&#8243;][\/vc_toggle][vc_toggle title=&#8221;Luka Mjeda&#8221; el_id=&#8221;1496024366058-a90e4a28-1ac8&#8243;][\/vc_toggle][vc_toggle title=&#8221;Eleana Zikou&#8221; el_id=&#8221;1571311035349-4af65709-7f9d&#8221;][\/vc_toggle][\/vc_column][vc_column width=&#8221;1\/3&#8243;][vc_toggle<\/p>\n","protected":false},"author":5,"featured_media":0,"parent":0,"menu_order":0,"comment_status":"open","ping_status":"open","template":"","meta":{"footnotes":""},"class_list":["post-19","page","type-page","status-publish","hentry"],"_links":{"self":[{"href":"https:\/\/cod.al\/index.php?rest_route=\/wp\/v2\/pages\/19","targetHints":{"allow":["GET"]}}],"collection":[{"href":"https:\/\/cod.al\/index.php?rest_route=\/wp\/v2\/pages"}],"about":[{"href":"https:\/\/cod.al\/index.php?rest_route=\/wp\/v2\/types\/page"}],"author":[{"embeddable":true,"href":"https:\/\/cod.al\/index.php?rest_route=\/wp\/v2\/users\/5"}],"replies":[{"embeddable":true,"href":"https:\/\/cod.al\/index.php?rest_route=%2Fwp%2Fv2%2Fcomments&post=19"}],"version-history":[{"count":55,"href":"https:\/\/cod.al\/index.php?rest_route=\/wp\/v2\/pages\/19\/revisions"}],"predecessor-version":[{"id":8697,"href":"https:\/\/cod.al\/index.php?rest_route=\/wp\/v2\/pages\/19\/revisions\/8697"}],"wp:attachment":[{"href":"https:\/\/cod.al\/index.php?rest_route=%2Fwp%2Fv2%2Fmedia&parent=19"}],"curies":[{"name":"wp","href":"https:\/\/api.w.org\/{rel}","templated":true}]}}