{"id":1782,"date":"2016-05-20T16:08:13","date_gmt":"2016-05-20T15:08:13","guid":{"rendered":"http:\/\/cod.al\/?page_id=1782"},"modified":"2016-05-20T16:08:13","modified_gmt":"2016-05-20T15:08:13","slug":"sheshi-skenderbej","status":"publish","type":"page","link":"https:\/\/cod.al\/?page_id=1782","title":{"rendered":"Sheshi Skenderbej"},"content":{"rendered":"<p><a href=\"http:\/\/cod.al\/wp-content\/uploads\/2016\/05\/sheshi2.jpg\"><img fetchpriority=\"high\" decoding=\"async\" class=\"aligncenter size-full wp-image-1783\" src=\"http:\/\/cod.al\/wp-content\/uploads\/2016\/05\/sheshi2.jpg\" alt=\"sheshi2\" width=\"957\" height=\"340\" srcset=\"https:\/\/cod.al\/wp-content\/uploads\/2016\/05\/sheshi2.jpg 957w, https:\/\/cod.al\/wp-content\/uploads\/2016\/05\/sheshi2-300x107.jpg 300w\" sizes=\"(max-width: 957px) 100vw, 957px\" \/><\/a><\/p>\n<p>&nbsp;<\/p>\n<p>Tirana e sotme ka mund\u00ebsin\u00eb\u00a0t\u2019i jap\u00eb\u00a0kuptim t\u00eb\u00a0ri transformimit urban t\u00eb\u00a0nj\u00eb\u00a0qyteti n\u00eb\u00a0ndryshim: shum\u00eb\u00e7ka\u00a0mbetet ende\u00a0p\u00ebr t\u2019u b\u00ebr\u00eb e gjithashtu, shum\u00eb p\u00ebr t\u2019u rib\u00ebr\u00eb;\u00a0nd\u00ebrsa sfidat sociale dhe ekonomike nuk jan\u00eb\u00a0pengesa, por mund\u00ebsi p\u00ebr t\u00eb\u00a0jet\u00ebsuar risi dhe zgjidhje t\u00eb\u00a0reja.<\/p>\n<p>Nj\u00eb\u00a0seri projektesh po rigjeneron t\u00eb\u00a0gjith\u00eb\u00a0peizazhin qytet\u00ebs, duke filluar nga qendra. Mes tyre, pa asnj\u00eb dyshim, sheshi \u201cSk\u00ebnderbej\u201d \u00ebsht\u00eb nga m\u00eb t\u00eb r\u00ebnd\u00ebsishmit, edhe\u00a0p\u00ebr shkak t\u00eb rolit t\u00eb tij tejet t\u00eb r\u00ebnd\u00ebsish\u00ebm simbolik p\u00ebr t\u00eb gjith\u00eb shqiptar\u00ebt.<\/p>\n<p>Ky projekt do t\u00eb ndikoj\u00eb thell\u00ebsisht vizionin p\u00ebr qytetet shqiptare, cil\u00ebsin\u00eb e jetes\u00ebs dhe m\u00ebnyr\u00ebn se si bashk\u00ebjetojm\u00eb\u00a0n\u00eb qytet. Q\u00ebllimi kryesor\u00a0\u00ebsht\u00eb\u00a0t\u00eb krijoj\u00eb nj\u00eb hap\u00ebsir\u00eb\u00a0t\u00eb\u00a0gjelb\u00ebr ku\u00a0secili ndihet mir\u00eb, si hapi i par\u00eb drejt nj\u00eb ekosistemi t\u00eb ri urban.<\/p>\n<p>Vendosja e modelit t\u00eb\u00a0qendr\u00ebs s\u00eb kryeqytetit n\u00eb sall\u00ebn\u00a0<em>Tako Artistin<\/em>\u00a0n\u00eb\u00a0COD n\u00eb\u00a0Kryeministri ka nj\u00eb synim t\u00eb qart\u00eb. \u00cbsht\u00eb\u00a0deklarata se qendra ka nevoj\u00eb p\u00ebr nj\u00eb\u00a0projekt arkitekturor, aq sa dhe\u00a0nj\u00eb\u00a0projekt angazhimi civil i cili zhvillohet n\u00eb\u00a0dialog.<\/p>\n<p>Kjo sall\u00eb,\u00a0ku\u00a0artisti \u00ebsht\u00eb \u00e7dokush q\u00eb ka nj\u00eb ide,\u00a0do t\u00eb mikpres\u00eb\u00a0dialogun mes aktor\u00ebve t\u00eb shum\u00ebllojsh\u00ebm e t\u00eb ndrysh\u00ebm q\u00eb\u00a0form\u00ebsojn\u00eb\u00a0nj\u00eb projekt t\u00eb p\u00ebrbashk\u00ebt.<\/p>\n<p>\u00c7do qytetar q\u00eb\u00a0viziton k\u00ebt\u00eb sall\u00eb ka mund\u00ebsin\u00eb t\u00eb angazhohet dhe t\u00eb kontribuoj\u00eb p\u00ebr iden\u00eb e qyteteve t\u00eb gjelbra shqiptare.<\/p>\n<p>K\u00ebshtu do t\u00eb sh\u00ebrbej\u00eb si atelie e hapur, ku t\u00eb gjith\u00eb ne m\u00ebsojm\u00eb bashk\u00ebrisht duke nd\u00ebrthurur dijen lokale me at\u00eb\u00a0nd\u00ebrkomb\u00ebtare.<\/p>\n","protected":false},"excerpt":{"rendered":"<p>&nbsp; Tirana e sotme ka mund\u00ebsin\u00eb\u00a0t\u2019i jap\u00eb\u00a0kuptim t\u00eb\u00a0ri transformimit urban t\u00eb\u00a0nj\u00eb\u00a0qyteti n\u00eb\u00a0ndryshim: shum\u00eb\u00e7ka\u00a0mbetet ende\u00a0p\u00ebr t\u2019u b\u00ebr\u00eb e gjithashtu, shum\u00eb p\u00ebr t\u2019u rib\u00ebr\u00eb;\u00a0nd\u00ebrsa sfidat sociale dhe ekonomike nuk jan\u00eb\u00a0pengesa, por mund\u00ebsi p\u00ebr t\u00eb\u00a0jet\u00ebsuar risi dhe zgjidhje t\u00eb\u00a0reja. Nj\u00eb\u00a0seri projektesh po rigjeneron<\/p>\n","protected":false},"author":5,"featured_media":0,"parent":0,"menu_order":0,"comment_status":"closed","ping_status":"closed","template":"","meta":{"footnotes":""},"class_list":["post-1782","page","type-page","status-publish","hentry"],"_links":{"self":[{"href":"https:\/\/cod.al\/index.php?rest_route=\/wp\/v2\/pages\/1782","targetHints":{"allow":["GET"]}}],"collection":[{"href":"https:\/\/cod.al\/index.php?rest_route=\/wp\/v2\/pages"}],"about":[{"href":"https:\/\/cod.al\/index.php?rest_route=\/wp\/v2\/types\/page"}],"author":[{"embeddable":true,"href":"https:\/\/cod.al\/index.php?rest_route=\/wp\/v2\/users\/5"}],"replies":[{"embeddable":true,"href":"https:\/\/cod.al\/index.php?rest_route=%2Fwp%2Fv2%2Fcomments&post=1782"}],"version-history":[{"count":1,"href":"https:\/\/cod.al\/index.php?rest_route=\/wp\/v2\/pages\/1782\/revisions"}],"predecessor-version":[{"id":1784,"href":"https:\/\/cod.al\/index.php?rest_route=\/wp\/v2\/pages\/1782\/revisions\/1784"}],"wp:attachment":[{"href":"https:\/\/cod.al\/index.php?rest_route=%2Fwp%2Fv2%2Fmedia&parent=1782"}],"curies":[{"name":"wp","href":"https:\/\/api.w.org\/{rel}","templated":true}]}}